CRAN Package Check Results for Package ldbod

Last updated on 2022-04-08 01:48:49 CEST.

Flavor Version Tinstall Tcheck Ttotal Status Flags
r-devel-linux-x86_64-debian-clang 0.1.2 3.18 40.90 44.08 NOTE
r-devel-linux-x86_64-debian-gcc 0.1.2 2.31 30.83 33.14 NOTE
r-devel-linux-x86_64-fedora-clang 0.1.2 51.73 NOTE
r-devel-linux-x86_64-fedora-gcc 0.1.2 39.90 NOTE
r-devel-windows-x86_64-new-UL 0.1.2 8.00 53.00 61.00 NOTE
r-patched-linux-x86_64 0.1.2 1.97 38.47 40.44 NOTE
r-release-linux-x86_64 0.1.2 2.85 38.18 41.03 NOTE
r-release-macos-arm64 0.1.2 NOTE
r-release-macos-x86_64 0.1.2 NOTE
r-release-windows-ix86+x86_64 0.1.2 6.00 46.00 52.00 NOTE
r-oldrel-macos-x86_64 0.1.2 OK
r-oldrel-windows-ix86+x86_64 0.1.2 6.00 47.00 53.00 OK

Check Details

Version: 0.1.2
Check: LazyData
Result: NOTE
     'LazyData' is specified without a 'data' directory
Flavors: r-devel-linux-x86_64-debian-clang, r-devel-linux-x86_64-debian-gcc, r-devel-linux-x86_64-fedora-clang, r-devel-linux-x86_64-fedora-gcc, r-devel-windows-x86_64-new-UL, r-patched-linux-x86_64, r-release-linux-x86_64, r-release-macos-arm64, r-release-macos-x86_64, r-release-windows-ix86+x86_64