CRAN Package Check Results for Package lconnect

Last updated on 2022-04-08 01:48:49 CEST.

Flavor Version Tinstall Tcheck Ttotal Status Flags
r-devel-linux-x86_64-debian-clang 0.1.1 1.99 43.73 45.72 NOTE
r-devel-linux-x86_64-debian-gcc 0.1.1 1.91 33.96 35.87 NOTE
r-devel-linux-x86_64-fedora-clang 0.1.1 54.66 NOTE
r-devel-linux-x86_64-fedora-gcc 0.1.1 43.06 NOTE
r-devel-windows-x86_64-new-UL 0.1.1 16.00 66.00 82.00 NOTE
r-patched-linux-x86_64 0.1.1 2.63 42.69 45.32 NOTE
r-release-linux-x86_64 0.1.1 2.33 41.01 43.34 NOTE
r-release-macos-arm64 0.1.1 NOTE
r-release-macos-x86_64 0.1.1 NOTE
r-release-windows-ix86+x86_64 0.1.1 5.00 53.00 58.00 NOTE
r-oldrel-macos-x86_64 0.1.1 OK
r-oldrel-windows-ix86+x86_64 0.1.1 6.00 56.00 62.00 OK

Check Details

Version: 0.1.1
Check: LazyData
Result: NOTE
     'LazyData' is specified without a 'data' directory
Flavors: r-devel-linux-x86_64-debian-clang, r-devel-linux-x86_64-debian-gcc, r-devel-linux-x86_64-fedora-clang, r-devel-linux-x86_64-fedora-gcc, r-devel-windows-x86_64-new-UL, r-patched-linux-x86_64, r-release-linux-x86_64, r-release-macos-arm64, r-release-macos-x86_64, r-release-windows-ix86+x86_64