Last updated on 2022-04-08 01:48:49 CEST.
Flavor | Version | Tinstall | Tcheck | Ttotal | Status | Flags |
---|---|---|---|---|---|---|
r-devel-linux-x86_64-debian-clang | 0.6 | 6.44 | 84.02 | 90.46 | NOTE | |
r-devel-linux-x86_64-debian-gcc | 0.6 | 6.24 | 62.90 | 69.14 | NOTE | |
r-devel-linux-x86_64-fedora-clang | 0.6 | 109.50 | NOTE | |||
r-devel-linux-x86_64-fedora-gcc | 0.6 | 96.31 | NOTE | |||
r-devel-windows-x86_64-new-UL | 0.6 | 23.00 | 96.00 | 119.00 | NOTE | |
r-patched-linux-x86_64 | 0.6 | 11.33 | 79.84 | 91.17 | NOTE | |
r-release-linux-x86_64 | 0.6 | 5.87 | 76.31 | 82.18 | NOTE | |
r-release-macos-arm64 | 0.6 | NOTE | ||||
r-release-macos-x86_64 | 0.6 | NOTE | ||||
r-release-windows-ix86+x86_64 | 0.6 | 17.00 | 85.00 | 102.00 | NOTE | |
r-oldrel-macos-x86_64 | 0.6 | NOTE | ||||
r-oldrel-windows-ix86+x86_64 | 0.6 | 17.00 | 87.00 | 104.00 | NOTE |
Version: 0.6
Check: package dependencies
Result: NOTE
Package suggested but not available for checking: 'covTest'
Flavors: r-devel-linux-x86_64-debian-clang, r-devel-linux-x86_64-debian-gcc, r-devel-linux-x86_64-fedora-clang, r-devel-linux-x86_64-fedora-gcc, r-devel-windows-x86_64-new-UL, r-patched-linux-x86_64, r-release-linux-x86_64, r-release-macos-arm64, r-release-macos-x86_64, r-release-windows-ix86+x86_64, r-oldrel-macos-x86_64, r-oldrel-windows-ix86+x86_64
Version: 0.6
Check: R code for possible problems
Result: NOTE
glassoscore: no visible global function definition for 'var'
glassoscore: no visible global function definition for 'pchisq'
lassoscore: no visible global function definition for 'txtProgressBar'
lassoscore: no visible global function definition for
'setTxtProgressBar'
lassoscore: no visible global function definition for 'pchisq'
plot.glassoscore: no visible global function definition for 'legend'
plot.lassoscore: no visible global function definition for 'legend'
plot.mbscore: no visible global function definition for 'legend'
qqpval: no visible global function definition for 'ppoints'
qqpval: no visible global function definition for 'qbeta'
qqpval: no visible global function definition for 'points'
qqpval: no visible global function definition for 'abline'
qqpval: no visible global function definition for 'polygon'
Undefined global functions or variables:
abline legend pchisq points polygon ppoints qbeta setTxtProgressBar
txtProgressBar var
Consider adding
importFrom("graphics", "abline", "legend", "points", "polygon")
importFrom("stats", "pchisq", "ppoints", "qbeta", "var")
importFrom("utils", "setTxtProgressBar", "txtProgressBar")
to your NAMESPACE file.
Flavors: r-devel-linux-x86_64-debian-clang, r-devel-linux-x86_64-debian-gcc, r-devel-linux-x86_64-fedora-clang, r-devel-linux-x86_64-fedora-gcc, r-devel-windows-x86_64-new-UL, r-patched-linux-x86_64, r-release-linux-x86_64, r-release-macos-arm64, r-release-macos-x86_64, r-release-windows-ix86+x86_64, r-oldrel-macos-x86_64, r-oldrel-windows-ix86+x86_64