Last updated on 2022-04-08 01:48:49 CEST.
Flavor | Version | Tinstall | Tcheck | Ttotal | Status | Flags |
---|---|---|---|---|---|---|
r-devel-linux-x86_64-debian-clang | 0.3.1 | 15.89 | 37.54 | 53.43 | NOTE | |
r-devel-linux-x86_64-debian-gcc | 0.3.1 | 13.14 | 28.61 | 41.75 | NOTE | |
r-devel-linux-x86_64-fedora-clang | 0.3.1 | 77.38 | NOTE | |||
r-devel-linux-x86_64-fedora-gcc | 0.3.1 | 55.12 | NOTE | |||
r-devel-windows-x86_64-new-UL | 0.3.1 | 62.00 | 78.00 | 140.00 | OK | |
r-patched-linux-x86_64 | 0.3.1 | 14.25 | 35.92 | 50.17 | NOTE | |
r-release-linux-x86_64 | 0.3.1 | 14.61 | 33.46 | 48.07 | NOTE | |
r-release-macos-arm64 | 0.3.1 | OK | ||||
r-release-macos-x86_64 | 0.3.1 | OK | ||||
r-release-windows-ix86+x86_64 | 0.3.1 | 72.00 | 61.00 | 133.00 | OK | |
r-oldrel-macos-x86_64 | 0.3.1 | OK | ||||
r-oldrel-windows-ix86+x86_64 | 0.3.1 | 72.00 | 63.00 | 135.00 | OK |
Version: 0.3.1
Check: for non-standard things in the check directory
Result: NOTE
Found the following files/directories:
'example.llo'
Flavors: r-devel-linux-x86_64-debian-clang, r-devel-linux-x86_64-debian-gcc, r-devel-linux-x86_64-fedora-clang, r-devel-linux-x86_64-fedora-gcc, r-patched-linux-x86_64, r-release-linux-x86_64