CRAN Package Check Results for Package landmap

Last updated on 2022-04-08 01:48:49 CEST.

Flavor Version Tinstall Tcheck Ttotal Status Flags
r-devel-linux-x86_64-debian-clang 0.0.13 31.80 290.59 322.39 OK
r-devel-linux-x86_64-debian-gcc 0.0.13 25.94 213.03 238.97 OK
r-devel-linux-x86_64-fedora-clang 0.0.13 380.56 NOTE
r-devel-linux-x86_64-fedora-gcc 0.0.13 363.08 NOTE
r-devel-windows-x86_64-new-UL 0.0.13 46.00 283.00 329.00 OK
r-patched-linux-x86_64 0.0.13 31.43 274.99 306.42 OK
r-release-linux-x86_64 0.0.13 24.60 253.19 277.79 OK
r-release-macos-arm64 0.0.13 NOTE
r-release-macos-x86_64 0.0.13 NOTE
r-release-windows-ix86+x86_64 0.0.13 62.00 271.00 333.00 OK
r-oldrel-macos-x86_64 0.0.13 NOTE
r-oldrel-windows-ix86+x86_64 0.0.13 65.00 286.00 351.00 OK

Check Details

Version: 0.0.13
Check: dependencies in R code
Result: NOTE
    Namespaces in Imports field not imported from:
     ‘ParamHelpers’ ‘geoR’ ‘kernlab’ ‘maptools’ ‘nnet’ ‘rpart’ ‘spdep’
     ‘xgboost’
     All declared Imports should be used.
Flavors: r-devel-linux-x86_64-fedora-clang, r-devel-linux-x86_64-fedora-gcc, r-release-macos-arm64, r-release-macos-x86_64, r-oldrel-macos-x86_64

Version: 0.0.13
Check: data for non-ASCII characters
Result: NOTE
     Note: found 23 marked UTF-8 strings
Flavors: r-devel-linux-x86_64-fedora-clang, r-devel-linux-x86_64-fedora-gcc, r-release-macos-arm64, r-release-macos-x86_64, r-oldrel-macos-x86_64