CRAN Package Check Results for Package lacunaritycovariance

Last updated on 2022-04-08 01:48:49 CEST.

Flavor Version Tinstall Tcheck Ttotal Status Flags
r-devel-linux-x86_64-debian-clang 1.1-3 12.48 210.65 223.13 OK
r-devel-linux-x86_64-debian-gcc 1.1-3 9.44 155.62 165.06 OK
r-devel-linux-x86_64-fedora-clang 1.1-3 262.38 OK
r-devel-linux-x86_64-fedora-gcc 1.1-3 251.84 OK
r-devel-windows-x86_64-new-UL 1.1-3 154.00 269.00 423.00 OK
r-patched-linux-x86_64 1.1-3 18.11 198.96 217.07 OK
r-release-linux-x86_64 1.1-3 9.30 196.13 205.43 OK
r-release-macos-arm64 1.1-3 OK
r-release-macos-x86_64 1.1-3 WARN
r-release-windows-ix86+x86_64 1.1-3 22.00 267.00 289.00 OK
r-oldrel-macos-x86_64 1.1-3 WARN
r-oldrel-windows-ix86+x86_64 1.1-3 22.00 267.00 289.00 OK

Check Details

Version: 1.1-3
Check: whether the namespace can be loaded with stated dependencies
Result: WARN
    Error: object 'is.poisson' not found whilst loading namespace 'spatstat.linnet'
    Execution halted
    
    A namespace must be able to be loaded with just the base namespace
    loaded: otherwise if the namespace gets loaded by a saved object, the
    session will be unable to start.
    
    Probably some imports need to be declared in the NAMESPACE file.
Flavors: r-release-macos-x86_64, r-oldrel-macos-x86_64

Version: 1.1-3
Check: whether the namespace can be unloaded cleanly
Result: WARN
    Error: object 'is.poisson' not found whilst loading namespace 'spatstat.linnet'
    Execution halted
Flavors: r-release-macos-x86_64, r-oldrel-macos-x86_64

Version: 1.1-3
Check: R code for possible problems
Result: NOTE
    Error: object 'is.poisson' not found whilst loading namespace 'spatstat.linnet'
    Execution halted
Flavors: r-release-macos-x86_64, r-oldrel-macos-x86_64