Last updated on 2022-04-08 01:48:49 CEST.
Flavor | Version | Tinstall | Tcheck | Ttotal | Status | Flags |
---|---|---|---|---|---|---|
r-devel-linux-x86_64-debian-clang | 0.1.0 | 2.95 | 63.23 | 66.18 | OK | |
r-devel-linux-x86_64-debian-gcc | 0.1.0 | 3.11 | 48.16 | 51.27 | OK | |
r-devel-linux-x86_64-fedora-clang | 0.1.0 | 80.51 | NOTE | |||
r-devel-linux-x86_64-fedora-gcc | 0.1.0 | 68.32 | OK | |||
r-devel-windows-x86_64-new-UL | 0.1.0 | 27.00 | 82.00 | 109.00 | OK | |
r-patched-linux-x86_64 | 0.1.0 | 3.17 | 60.32 | 63.49 | OK | |
r-release-linux-x86_64 | 0.1.0 | 2.68 | 59.67 | 62.35 | OK | |
r-release-macos-arm64 | 0.1.0 | OK | ||||
r-release-macos-x86_64 | 0.1.0 | OK | ||||
r-release-windows-ix86+x86_64 | 0.1.0 | 8.00 | 71.00 | 79.00 | OK | |
r-oldrel-macos-x86_64 | 0.1.0 | OK | ||||
r-oldrel-windows-ix86+x86_64 | 0.1.0 | 8.00 | 71.00 | 79.00 | OK |
Version: 0.1.0
Check: Rd cross-references
Result: NOTE
Undeclared package ‘tibble’ in Rd xrefs
Flavor: r-devel-linux-x86_64-fedora-clang