CRAN Package Check Results for Package l0ara

Last updated on 2022-04-08 01:48:49 CEST.

Flavor Version Tinstall Tcheck Ttotal Status Flags
r-devel-linux-x86_64-debian-clang 0.1.6 30.24 39.48 69.72 NOTE
r-devel-linux-x86_64-debian-gcc 0.1.6 30.41 30.56 60.97 NOTE
r-devel-linux-x86_64-fedora-clang 0.1.6 101.79 NOTE
r-devel-linux-x86_64-fedora-gcc 0.1.6 85.54 NOTE
r-devel-windows-x86_64-new-UL 0.1.6 36.00 78.00 114.00 NOTE
r-patched-linux-x86_64 0.1.6 26.35 38.28 64.63 NOTE
r-release-linux-x86_64 0.1.6 27.73 37.11 64.84 NOTE
r-release-macos-arm64 0.1.6 NOTE
r-release-macos-x86_64 0.1.6 NOTE
r-release-windows-ix86+x86_64 0.1.6 86.00 71.00 157.00 NOTE
r-oldrel-macos-x86_64 0.1.6 OK
r-oldrel-windows-ix86+x86_64 0.1.6 87.00 70.00 157.00 OK

Check Details

Version: 0.1.6
Check: LazyData
Result: NOTE
     'LazyData' is specified without a 'data' directory
Flavors: r-devel-linux-x86_64-debian-clang, r-devel-linux-x86_64-debian-gcc, r-devel-linux-x86_64-fedora-clang, r-devel-linux-x86_64-fedora-gcc, r-devel-windows-x86_64-new-UL, r-patched-linux-x86_64, r-release-linux-x86_64, r-release-macos-arm64, r-release-macos-x86_64, r-release-windows-ix86+x86_64