Last updated on 2022-04-08 01:48:49 CEST.
Flavor | Version | Tinstall | Tcheck | Ttotal | Status | Flags |
---|---|---|---|---|---|---|
r-devel-linux-x86_64-debian-clang | 0.1-14 | 2.19 | 43.72 | 45.91 | NOTE | |
r-devel-linux-x86_64-debian-gcc | 0.1-14 | 1.66 | 34.47 | 36.13 | NOTE | |
r-devel-linux-x86_64-fedora-clang | 0.1-14 | 57.46 | NOTE | |||
r-devel-linux-x86_64-fedora-gcc | 0.1-14 | 44.45 | NOTE | |||
r-devel-windows-x86_64-new-UL | 0.1-14 | 13.00 | 69.00 | 82.00 | NOTE | |
r-patched-linux-x86_64 | 0.1-14 | 1.99 | 42.48 | 44.47 | NOTE | |
r-release-linux-x86_64 | 0.1-14 | 1.81 | 41.53 | 43.34 | NOTE | |
r-release-macos-arm64 | 0.1-14 | NOTE | ||||
r-release-macos-x86_64 | 0.1-14 | NOTE | ||||
r-release-windows-ix86+x86_64 | 0.1-14 | 5.00 | 53.00 | 58.00 | NOTE | |
r-oldrel-macos-x86_64 | 0.1-14 | NOTE | ||||
r-oldrel-windows-ix86+x86_64 | 0.1-14 | 5.00 | 52.00 | 57.00 | NOTE |
Version: 0.1-14
Check: DESCRIPTION meta-information
Result: NOTE
Malformed Description field: should contain one or more complete sentences.
Flavors: r-devel-linux-x86_64-debian-clang, r-devel-linux-x86_64-debian-gcc, r-devel-linux-x86_64-fedora-clang, r-devel-linux-x86_64-fedora-gcc, r-devel-windows-x86_64-new-UL, r-patched-linux-x86_64, r-release-linux-x86_64, r-release-macos-arm64, r-release-macos-x86_64, r-release-windows-ix86+x86_64, r-oldrel-macos-x86_64, r-oldrel-windows-ix86+x86_64
Version: 0.1-14
Check: dependencies in R code
Result: NOTE
'library' or 'require' call to 'XML' in package code.
Please use :: or requireNamespace() instead.
See section 'Suggested packages' in the 'Writing R Extensions' manual.
Flavors: r-devel-linux-x86_64-debian-clang, r-devel-linux-x86_64-debian-gcc, r-devel-linux-x86_64-fedora-clang, r-devel-linux-x86_64-fedora-gcc, r-devel-windows-x86_64-new-UL, r-patched-linux-x86_64, r-release-linux-x86_64, r-release-macos-arm64, r-release-macos-x86_64, r-release-windows-ix86+x86_64, r-oldrel-macos-x86_64, r-oldrel-windows-ix86+x86_64
Version: 0.1-14
Check: R code for possible problems
Result: NOTE
auc: no visible global function definition for 'approx'
kulife.colors: no visible global function definition for 'palette'
rootonorm: no visible global function definition for 'sd'
rootonorm: no visible global function definition for 'hist'
rootonorm: no visible global function definition for 'pnorm'
rootonorm: no visible global function definition for 'dnorm'
rootonorm: no visible global function definition for 'rect'
rootonorm: no visible global function definition for 'lines'
rootonorm: no visible global function definition for 'abline'
Undefined global functions or variables:
abline approx dnorm hist lines palette pnorm rect sd
Consider adding
importFrom("grDevices", "palette")
importFrom("graphics", "abline", "hist", "lines", "rect")
importFrom("stats", "approx", "dnorm", "pnorm", "sd")
to your NAMESPACE file.
Flavors: r-devel-linux-x86_64-debian-clang, r-devel-linux-x86_64-debian-gcc, r-devel-linux-x86_64-fedora-clang, r-devel-linux-x86_64-fedora-gcc, r-devel-windows-x86_64-new-UL, r-patched-linux-x86_64, r-release-linux-x86_64, r-release-macos-arm64, r-release-macos-x86_64, r-release-windows-ix86+x86_64, r-oldrel-macos-x86_64, r-oldrel-windows-ix86+x86_64
Version: 0.1-14
Check: for non-standard things in the check directory
Result: NOTE
Found the following files/directories:
'mydata.xml' 'swarms.pdf'
Flavors: r-devel-linux-x86_64-debian-clang, r-devel-linux-x86_64-debian-gcc, r-devel-linux-x86_64-fedora-clang, r-devel-linux-x86_64-fedora-gcc, r-patched-linux-x86_64, r-release-linux-x86_64