Last updated on 2022-04-08 01:48:49 CEST.
Flavor | Version | Tinstall | Tcheck | Ttotal | Status | Flags |
---|---|---|---|---|---|---|
r-devel-linux-x86_64-debian-clang | 0.9.0 | 2.29 | 35.81 | 38.10 | NOTE | |
r-devel-linux-x86_64-debian-gcc | 0.9.0 | 1.75 | 28.37 | 30.12 | NOTE | |
r-devel-linux-x86_64-fedora-clang | 0.9.0 | 48.50 | NOTE | |||
r-devel-linux-x86_64-fedora-gcc | 0.9.0 | 35.58 | NOTE | |||
r-devel-windows-x86_64-new-UL | 0.9.0 | 34.00 | 64.00 | 98.00 | NOTE | |
r-patched-linux-x86_64 | 0.9.0 | 2.11 | 35.44 | 37.55 | NOTE | |
r-release-linux-x86_64 | 0.9.0 | 1.60 | 31.09 | 32.69 | NOTE | |
r-release-macos-arm64 | 0.9.0 | NOTE | ||||
r-release-macos-x86_64 | 0.9.0 | NOTE | ||||
r-release-windows-ix86+x86_64 | 0.9.0 | 6.00 | 39.00 | 45.00 | NOTE | |
r-oldrel-macos-x86_64 | 0.9.0 | OK | ||||
r-oldrel-windows-ix86+x86_64 | 0.9.0 | 5.00 | 41.00 | 46.00 | OK |
Version: 0.9.0
Check: LazyData
Result: NOTE
'LazyData' is specified without a 'data' directory
Flavors: r-devel-linux-x86_64-debian-clang, r-devel-linux-x86_64-debian-gcc, r-devel-linux-x86_64-fedora-clang, r-devel-linux-x86_64-fedora-gcc, r-devel-windows-x86_64-new-UL, r-patched-linux-x86_64, r-release-linux-x86_64, r-release-macos-arm64, r-release-macos-x86_64, r-release-windows-ix86+x86_64