Last updated on 2022-04-08 01:48:49 CEST.
Flavor | Version | Tinstall | Tcheck | Ttotal | Status | Flags |
---|---|---|---|---|---|---|
r-devel-linux-x86_64-debian-clang | 0.4.3 | 34.44 | 117.85 | 152.29 | WARN | |
r-devel-linux-x86_64-debian-gcc | 0.4.3 | 22.85 | 90.20 | 113.05 | OK | |
r-devel-linux-x86_64-fedora-clang | 0.4.3 | 183.61 | WARN | |||
r-devel-linux-x86_64-fedora-gcc | 0.4.3 | 164.04 | OK | |||
r-devel-windows-x86_64-new-UL | 0.4.3 | 34.00 | 152.00 | 186.00 | OK | |
r-patched-linux-x86_64 | 0.4.3 | 27.84 | 113.40 | 141.24 | OK | |
r-release-linux-x86_64 | 0.4.3 | 24.82 | 106.65 | 131.47 | OK | |
r-release-macos-arm64 | 0.4.3 | OK | ||||
r-release-macos-x86_64 | 0.4.3 | OK | ||||
r-release-windows-ix86+x86_64 | 0.4.3 | 65.00 | 186.00 | 251.00 | OK | |
r-oldrel-macos-x86_64 | 0.4.3 | OK | ||||
r-oldrel-windows-ix86+x86_64 | 0.4.3 | 67.00 | 187.00 | 254.00 | OK |
Version: 0.4.3
Check: whether package can be installed
Result: WARN
Found the following significant warnings:
evaluators.cpp:52:13: warning: use of bitwise '|' with boolean operands [-Wbitwise-instead-of-logical]
Flavors: r-devel-linux-x86_64-debian-clang, r-devel-linux-x86_64-fedora-clang