Last updated on 2022-04-08 01:48:49 CEST.
Flavor | Version | Tinstall | Tcheck | Ttotal | Status | Flags |
---|---|---|---|---|---|---|
r-devel-linux-x86_64-debian-clang | 1.2 | 7.50 | 80.01 | 87.51 | NOTE | |
r-devel-linux-x86_64-debian-gcc | 1.2 | 6.20 | 61.25 | 67.45 | NOTE | |
r-devel-linux-x86_64-fedora-clang | 1.2 | 107.20 | NOTE | |||
r-devel-linux-x86_64-fedora-gcc | 1.2 | 94.48 | NOTE | |||
r-devel-windows-x86_64-new-UL | 1.2 | 16.00 | 96.00 | 112.00 | NOTE | |
r-patched-linux-x86_64 | 1.2 | 8.08 | 76.66 | 84.74 | NOTE | |
r-release-linux-x86_64 | 1.2 | 7.95 | 71.90 | 79.85 | NOTE | |
r-release-macos-arm64 | 1.2 | NOTE | ||||
r-release-macos-x86_64 | 1.2 | NOTE | ||||
r-release-windows-ix86+x86_64 | 1.2 | 19.00 | 88.00 | 107.00 | NOTE | |
r-oldrel-macos-x86_64 | 1.2 | NOTE | ||||
r-oldrel-windows-ix86+x86_64 | 1.2 | 19.00 | 91.00 | 110.00 | NOTE |
Version: 1.2
Check: DESCRIPTION meta-information
Result: NOTE
Malformed Title field: should not end in a period.
Flavors: r-devel-linux-x86_64-debian-clang, r-devel-linux-x86_64-debian-gcc, r-devel-linux-x86_64-fedora-clang, r-devel-linux-x86_64-fedora-gcc, r-devel-windows-x86_64-new-UL, r-patched-linux-x86_64, r-release-linux-x86_64, r-release-macos-arm64, r-release-macos-x86_64, r-release-windows-ix86+x86_64, r-oldrel-macos-x86_64, r-oldrel-windows-ix86+x86_64
Version: 1.2
Check: R code for possible problems
Result: NOTE
ARsensitivity.ci: no visible global function definition for 'residuals'
ARsensitivity.ci: no visible global function definition for 'lm'
ARsensitivity.ci: no visible global function definition for 'qf'
ARsensitivity.ci: no visible global function definition for 'fitted'
ARsensitivity.power: no visible global function definition for 'qf'
ARsensitivity.power: no visible global function definition for 'pf'
ARsensitivity.size: no visible global function definition for 'qf'
ARsensitivity.size: no visible global function definition for 'pf'
anderson.rubin.ci: no visible global function definition for 'qf'
anderson.rubin.ci: no visible global function definition for 'fitted'
anderson.rubin.ci: no visible global function definition for 'lm'
power.iv: no visible global function definition for 'qf'
power.iv: no visible global function definition for 'pf'
Undefined global functions or variables:
fitted lm pf qf residuals
Consider adding
importFrom("stats", "fitted", "lm", "pf", "qf", "residuals")
to your NAMESPACE file.
Flavors: r-devel-linux-x86_64-debian-clang, r-devel-linux-x86_64-debian-gcc, r-devel-linux-x86_64-fedora-clang, r-devel-linux-x86_64-fedora-gcc, r-devel-windows-x86_64-new-UL, r-patched-linux-x86_64, r-release-linux-x86_64, r-release-macos-arm64, r-release-macos-x86_64, r-release-windows-ix86+x86_64, r-oldrel-macos-x86_64, r-oldrel-windows-ix86+x86_64