Last updated on 2022-04-08 01:48:49 CEST.
Flavor | Version | Tinstall | Tcheck | Ttotal | Status | Flags |
---|---|---|---|---|---|---|
r-devel-linux-x86_64-debian-clang | 0.4.5 | 15.91 | 174.91 | 190.82 | NOTE | |
r-devel-linux-x86_64-debian-gcc | 0.4.5 | 11.25 | 130.34 | 141.59 | NOTE | |
r-devel-linux-x86_64-fedora-clang | 0.4.5 | 211.56 | NOTE | |||
r-devel-linux-x86_64-fedora-gcc | 0.4.5 | 194.28 | NOTE | |||
r-devel-windows-x86_64-new-UL | 0.4.5 | 41.00 | 219.00 | 260.00 | NOTE | |
r-patched-linux-x86_64 | 0.4.5 | 10.90 | 162.21 | 173.11 | NOTE | |
r-release-linux-x86_64 | 0.4.5 | 7.89 | 171.16 | 179.05 | NOTE | |
r-release-macos-arm64 | 0.4.5 | NOTE | ||||
r-release-macos-x86_64 | 0.4.5 | NOTE | ||||
r-release-windows-ix86+x86_64 | 0.4.5 | 24.00 | 208.00 | 232.00 | NOTE | |
r-oldrel-macos-x86_64 | 0.4.5 | OK | ||||
r-oldrel-windows-ix86+x86_64 | 0.4.5 | 24.00 | 215.00 | 239.00 | OK |
Version: 0.4.5
Check: LazyData
Result: NOTE
'LazyData' is specified without a 'data' directory
Flavors: r-devel-linux-x86_64-debian-clang, r-devel-linux-x86_64-debian-gcc, r-devel-linux-x86_64-fedora-clang, r-devel-linux-x86_64-fedora-gcc, r-devel-windows-x86_64-new-UL, r-patched-linux-x86_64, r-release-linux-x86_64, r-release-macos-arm64, r-release-macos-x86_64, r-release-windows-ix86+x86_64