CRAN Package Check Results for Package insane

Last updated on 2022-04-08 01:48:49 CEST.

Flavor Version Tinstall Tcheck Ttotal Status Flags
r-devel-linux-x86_64-debian-clang 0.1.0 8.91 90.03 98.94 NOTE
r-devel-linux-x86_64-debian-gcc 0.1.0 7.07 67.27 74.34 NOTE
r-devel-linux-x86_64-fedora-clang 0.1.0 115.94 NOTE
r-devel-linux-x86_64-fedora-gcc 0.1.0 101.67 NOTE
r-devel-windows-x86_64-new-UL 0.1.0 42.00 116.00 158.00 NOTE
r-patched-linux-x86_64 0.1.0 9.06 84.03 93.09 NOTE
r-release-linux-x86_64 0.1.0 7.60 80.02 87.62 NOTE
r-release-macos-arm64 0.1.0 NOTE
r-release-macos-x86_64 0.1.0 NOTE
r-release-windows-ix86+x86_64 0.1.0 24.00 101.00 125.00 NOTE
r-oldrel-macos-x86_64 0.1.0 OK
r-oldrel-windows-ix86+x86_64 0.1.0 22.00 102.00 124.00 OK

Check Details

Version: 0.1.0
Check: LazyData
Result: NOTE
     'LazyData' is specified without a 'data' directory
Flavors: r-devel-linux-x86_64-debian-clang, r-devel-linux-x86_64-debian-gcc, r-devel-linux-x86_64-fedora-clang, r-devel-linux-x86_64-fedora-gcc, r-devel-windows-x86_64-new-UL, r-patched-linux-x86_64, r-release-linux-x86_64, r-release-macos-arm64, r-release-macos-x86_64, r-release-windows-ix86+x86_64