CRAN Package Check Results for Package inlabru

Last updated on 2022-04-08 01:48:49 CEST.

Flavor Version Tinstall Tcheck Ttotal Status Flags
r-devel-linux-x86_64-debian-clang 2.5.2 27.29 213.21 240.50 NOTE
r-devel-linux-x86_64-debian-gcc 2.5.2 18.04 157.76 175.80 NOTE
r-devel-linux-x86_64-fedora-clang 2.5.2 375.85 OK
r-devel-linux-x86_64-fedora-gcc 2.5.2 358.26 OK
r-devel-windows-x86_64-new-UL 2.5.2 96.00 241.00 337.00 NOTE
r-patched-linux-x86_64 2.5.2 26.19 204.29 230.48 NOTE
r-release-linux-x86_64 2.5.2 22.97 194.31 217.28 NOTE
r-release-macos-arm64 2.5.2 NOTE
r-release-macos-x86_64 2.5.2 NOTE
r-release-windows-ix86+x86_64 2.5.2 39.00 232.00 271.00 OK
r-oldrel-macos-x86_64 2.5.2 NOTE
r-oldrel-windows-ix86+x86_64 2.5.2 39.00 237.00 276.00 OK

Check Details

Version: 2.5.2
Check: package dependencies
Result: NOTE
    Package suggested but not available for checking: 'INLA'
Flavors: r-devel-linux-x86_64-debian-clang, r-devel-linux-x86_64-debian-gcc, r-devel-windows-x86_64-new-UL, r-patched-linux-x86_64, r-release-linux-x86_64, r-release-macos-arm64, r-release-macos-x86_64, r-oldrel-macos-x86_64