Last updated on 2022-04-08 01:48:49 CEST.
Flavor | Version | Tinstall | Tcheck | Ttotal | Status | Flags |
---|---|---|---|---|---|---|
r-devel-linux-x86_64-debian-clang | 2.2 | 4.38 | 54.01 | 58.39 | OK | |
r-devel-linux-x86_64-debian-gcc | 2.2 | 3.12 | 42.66 | 45.78 | OK | |
r-devel-linux-x86_64-fedora-clang | 2.2 | 72.63 | OK | |||
r-devel-linux-x86_64-fedora-gcc | 2.2 | 60.68 | OK | |||
r-devel-windows-x86_64-new-UL | 2.2 | 28.00 | 76.00 | 104.00 | OK | |
r-patched-linux-x86_64 | 2.2 | 4.37 | 53.03 | 57.40 | OK | |
r-release-linux-x86_64 | 2.2 | 3.98 | 50.93 | 54.91 | OK | |
r-release-macos-arm64 | 2.2 | OK | ||||
r-release-macos-x86_64 | 2.2 | OK | ||||
r-release-windows-ix86+x86_64 | 2.2 | 8.00 | 67.00 | 75.00 | OK | |
r-oldrel-macos-x86_64 | 2.2 | NOTE | ||||
r-oldrel-windows-ix86+x86_64 | 2.2 | 8.00 | 65.00 | 73.00 | OK |
Version: 2.2
Check: package dependencies
Result: NOTE
Package suggested but not available for checking: ‘ridge’
Flavor: r-oldrel-macos-x86_64
Version: 2.2
Check: Rd cross-references
Result: NOTE
Package unavailable to check Rd xrefs: ‘ridge’
Flavor: r-oldrel-macos-x86_64