Last updated on 2022-04-08 01:48:49 CEST.
Flavor | Version | Tinstall | Tcheck | Ttotal | Status | Flags |
---|---|---|---|---|---|---|
r-devel-linux-x86_64-debian-clang | 0.3.1 | 2.96 | 33.17 | 36.13 | NOTE | |
r-devel-linux-x86_64-debian-gcc | 0.3.1 | 2.19 | 25.68 | 27.87 | NOTE | |
r-devel-linux-x86_64-fedora-clang | 0.3.1 | 43.29 | NOTE | |||
r-devel-linux-x86_64-fedora-gcc | 0.3.1 | 33.36 | NOTE | |||
r-devel-windows-x86_64-new-UL | 0.3.1 | 14.00 | 48.00 | 62.00 | NOTE | |
r-patched-linux-x86_64 | 0.3.1 | 2.56 | 32.30 | 34.86 | NOTE | |
r-release-linux-x86_64 | 0.3.1 | 2.16 | 31.55 | 33.71 | NOTE | |
r-release-macos-arm64 | 0.3.1 | NOTE | ||||
r-release-macos-x86_64 | 0.3.1 | NOTE | ||||
r-release-windows-ix86+x86_64 | 0.3.1 | 5.00 | 28.00 | 33.00 | NOTE | |
r-oldrel-macos-x86_64 | 0.3.1 | OK | ||||
r-oldrel-windows-ix86+x86_64 | 0.3.1 | 5.00 | 28.00 | 33.00 | OK |
Version: 0.3.1
Check: LazyData
Result: NOTE
'LazyData' is specified without a 'data' directory
Flavors: r-devel-linux-x86_64-debian-clang, r-devel-linux-x86_64-debian-gcc, r-devel-linux-x86_64-fedora-clang, r-devel-linux-x86_64-fedora-gcc, r-devel-windows-x86_64-new-UL, r-patched-linux-x86_64, r-release-linux-x86_64, r-release-macos-arm64, r-release-macos-x86_64, r-release-windows-ix86+x86_64