Last updated on 2022-04-08 01:48:48 CEST.
Flavor | Version | Tinstall | Tcheck | Ttotal | Status | Flags |
---|---|---|---|---|---|---|
r-devel-linux-x86_64-debian-clang | 0.10.1 | 17.73 | 474.99 | 492.72 | OK | |
r-devel-linux-x86_64-debian-gcc | 0.10.1 | 10.69 | 311.26 | 321.95 | OK | |
r-devel-linux-x86_64-fedora-clang | 0.10.1 | 520.51 | NOTE | |||
r-devel-linux-x86_64-fedora-gcc | 0.10.1 | 355.96 | NOTE | |||
r-devel-windows-x86_64-new-UL | 0.10.1 | 34.00 | 373.00 | 407.00 | OK | |
r-patched-linux-x86_64 | 0.10.1 | 17.98 | 383.67 | 401.65 | OK | |
r-release-linux-x86_64 | 0.10.1 | 15.04 | 347.98 | 363.02 | OK | |
r-release-macos-arm64 | 0.10.1 | NOTE | ||||
r-release-macos-x86_64 | 0.10.1 | NOTE | ||||
r-release-windows-ix86+x86_64 | 0.10.1 | 32.00 | 367.00 | 399.00 | OK | |
r-oldrel-macos-x86_64 | 0.10.1 | NOTE | ||||
r-oldrel-windows-ix86+x86_64 | 0.10.1 | 33.00 | 369.00 | 402.00 | OK |
Version: 0.10.1
Check: dependencies in R code
Result: NOTE
Namespace in Imports field not imported from: ‘keras’
All declared Imports should be used.
Flavors: r-devel-linux-x86_64-fedora-clang, r-devel-linux-x86_64-fedora-gcc, r-release-macos-arm64, r-release-macos-x86_64, r-oldrel-macos-x86_64