CRAN Package Check Results for Package igraph

Last updated on 2022-04-08 01:48:48 CEST.

Flavor Version Tinstall Tcheck Ttotal Status Flags
r-devel-linux-x86_64-debian-clang 1.3.0 231.62 314.58 546.20 OK
r-devel-linux-x86_64-debian-gcc 1.3.0 201.74 234.34 436.08 OK
r-devel-linux-x86_64-fedora-clang 1.3.0 726.63 NOTE
r-devel-linux-x86_64-fedora-gcc 1.3.0 693.28 OK
r-devel-windows-x86_64-new-UL 1.3.0 695.00 475.00 1170.00 NOTE
r-patched-linux-x86_64 1.3.0 224.46 299.78 524.24 OK
r-release-linux-x86_64 1.3.0 213.51 297.18 510.69 OK
r-release-macos-arm64 1.2.11 NOTE
r-release-macos-x86_64 1.3.0 NOTE
r-release-windows-ix86+x86_64 1.2.11 573.00 699.00 1272.00 NOTE
r-oldrel-macos-x86_64 1.3.0 NOTE
r-oldrel-windows-ix86+x86_64 1.3.0 670.00 737.00 1407.00 NOTE

Additional issues

gcc-UBSAN

Check Details

Version: 1.3.0
Check: installed package size
Result: NOTE
     installed size is 14.3Mb
     sub-directories of 1Mb or more:
     R 1.4Mb
     help 1.2Mb
     libs 11.2Mb
Flavors: r-devel-linux-x86_64-fedora-clang, r-devel-windows-x86_64-new-UL, r-release-macos-x86_64, r-oldrel-macos-x86_64, r-oldrel-windows-ix86+x86_64

Version: 1.2.11
Check: installed package size
Result: NOTE
     installed size is 24.7Mb
     sub-directories of 1Mb or more:
     R 2.1Mb
     help 1.2Mb
     libs 21.0Mb
Flavors: r-release-macos-arm64, r-release-windows-ix86+x86_64