Last updated on 2022-04-08 01:48:48 CEST.
Flavor | Version | Tinstall | Tcheck | Ttotal | Status | Flags |
---|---|---|---|---|---|---|
r-devel-linux-x86_64-debian-clang | 1.0.1 | 106.65 | 165.88 | 272.53 | OK | |
r-devel-linux-x86_64-debian-gcc | 1.0.1 | 70.99 | 123.16 | 194.15 | OK | |
r-devel-linux-x86_64-fedora-clang | 1.0.1 | 343.77 | NOTE | |||
r-devel-linux-x86_64-fedora-gcc | 1.0.1 | 317.86 | OK | |||
r-devel-windows-x86_64-new-UL | 1.0.1 | 154.00 | 230.00 | 384.00 | NOTE | |
r-patched-linux-x86_64 | 1.0.1 | 65.23 | 157.13 | 222.36 | OK | |
r-release-linux-x86_64 | 1.0.1 | 56.71 | 169.04 | 225.75 | OK | |
r-release-macos-arm64 | 1.0.1 | NOTE | ||||
r-release-macos-x86_64 | 1.0.1 | NOTE | ||||
r-release-windows-ix86+x86_64 | 1.0.1 | 210.00 | 299.00 | 509.00 | NOTE | |
r-oldrel-macos-x86_64 | 1.0.1 | NOTE | ||||
r-oldrel-windows-ix86+x86_64 | 1.0.1 | 210.00 | 312.00 | 522.00 | NOTE |
Version: 1.0.1
Check: installed package size
Result: NOTE
installed size is 8.1Mb
sub-directories of 1Mb or more:
extdata 5.6Mb
libs 1.7Mb
Flavors: r-devel-linux-x86_64-fedora-clang, r-devel-windows-x86_64-new-UL, r-release-macos-arm64, r-release-macos-x86_64, r-release-windows-ix86+x86_64, r-oldrel-macos-x86_64, r-oldrel-windows-ix86+x86_64