Last updated on 2022-04-08 01:48:48 CEST.
Flavor | Version | Tinstall | Tcheck | Ttotal | Status | Flags |
---|---|---|---|---|---|---|
r-devel-linux-x86_64-debian-clang | 1.3.2 | 3.00 | 35.94 | 38.94 | NOTE | |
r-devel-linux-x86_64-debian-gcc | 1.3.2 | 2.31 | 28.58 | 30.89 | NOTE | |
r-devel-linux-x86_64-fedora-clang | 1.3.2 | 49.57 | NOTE | |||
r-devel-linux-x86_64-fedora-gcc | 1.3.2 | 39.21 | NOTE | |||
r-devel-windows-x86_64-new-UL | 1.3.2 | 19.00 | 60.00 | 79.00 | NOTE | |
r-patched-linux-x86_64 | 1.3.2 | 3.17 | 34.84 | 38.01 | NOTE | |
r-release-linux-x86_64 | 1.3.2 | 2.73 | 34.65 | 37.38 | NOTE | |
r-release-macos-arm64 | 1.3.2 | NOTE | ||||
r-release-macos-x86_64 | 1.3.2 | NOTE | ||||
r-release-windows-ix86+x86_64 | 1.3.2 | 5.00 | 35.00 | 40.00 | NOTE | |
r-oldrel-macos-x86_64 | 1.3.2 | NOTE | ||||
r-oldrel-windows-ix86+x86_64 | 1.3.2 | 5.00 | 37.00 | 42.00 | NOTE |
Version: 1.3.2
Check: DESCRIPTION meta-information
Result: NOTE
Malformed Description field: should contain one or more complete sentences.
Flavors: r-devel-linux-x86_64-debian-clang, r-devel-linux-x86_64-debian-gcc, r-devel-linux-x86_64-fedora-clang, r-devel-linux-x86_64-fedora-gcc, r-devel-windows-x86_64-new-UL, r-patched-linux-x86_64, r-release-linux-x86_64, r-release-macos-arm64, r-release-macos-x86_64, r-release-windows-ix86+x86_64, r-oldrel-macos-x86_64, r-oldrel-windows-ix86+x86_64
Version: 1.3.2
Check: R code for possible problems
Result: NOTE
getHwriterVersion: no visible global function definition for
'sessionInfo'
hmapRowCol: no visible global function definition for 'na.omit'
hwriteImage: no visible global function definition for 'dev.print'
hwriteImage: no visible binding for global variable 'png'
showExample: no visible global function definition for 'browseURL'
Undefined global functions or variables:
browseURL dev.print na.omit png sessionInfo
Consider adding
importFrom("grDevices", "dev.print", "png")
importFrom("stats", "na.omit")
importFrom("utils", "browseURL", "sessionInfo")
to your NAMESPACE file.
Flavors: r-devel-linux-x86_64-debian-clang, r-devel-linux-x86_64-debian-gcc, r-devel-linux-x86_64-fedora-clang, r-devel-linux-x86_64-fedora-gcc, r-devel-windows-x86_64-new-UL, r-patched-linux-x86_64, r-release-linux-x86_64, r-release-macos-arm64, r-release-macos-x86_64, r-release-windows-ix86+x86_64, r-oldrel-macos-x86_64, r-oldrel-windows-ix86+x86_64