CRAN Package Check Results for Package hwep

Last updated on 2022-04-08 01:48:48 CEST.

Flavor Version Tinstall Tcheck Ttotal Status Flags
r-devel-linux-x86_64-debian-clang 0.0.1 7.46 72.26 79.72 OK
r-devel-linux-x86_64-debian-gcc 0.0.1 5.22 53.89 59.11 OK
r-devel-linux-x86_64-fedora-clang 0.0.1 94.40 NOTE
r-devel-linux-x86_64-fedora-gcc 0.0.1 86.45 NOTE
r-devel-windows-x86_64-new-UL 0.0.1 26.00 113.00 139.00 OK
r-patched-linux-x86_64 0.0.1 8.53 68.64 77.17 OK
r-release-linux-x86_64 0.0.1 5.64 67.78 73.42 OK
r-release-macos-arm64 0.0.1 NOTE
r-release-macos-x86_64 0.0.1 NOTE
r-release-windows-ix86+x86_64 0.0.1 11.00 106.00 117.00 OK
r-oldrel-macos-x86_64 0.0.1 NOTE
r-oldrel-windows-ix86+x86_64 0.0.1 11.00 114.00 125.00 OK

Check Details

Version: 0.0.1
Check: dependencies in R code
Result: NOTE
    Namespace in Imports field not imported from: ‘future’
     All declared Imports should be used.
Flavors: r-devel-linux-x86_64-fedora-clang, r-devel-linux-x86_64-fedora-gcc, r-release-macos-arm64, r-release-macos-x86_64, r-oldrel-macos-x86_64