Last updated on 2022-04-08 01:48:48 CEST.
Flavor | Version | Tinstall | Tcheck | Ttotal | Status | Flags |
---|---|---|---|---|---|---|
r-devel-linux-x86_64-debian-clang | 1.0 | 2.24 | 37.99 | 40.23 | NOTE | |
r-devel-linux-x86_64-debian-gcc | 1.0 | 1.57 | 30.07 | 31.64 | NOTE | |
r-devel-linux-x86_64-fedora-clang | 1.0 | 50.53 | NOTE | |||
r-devel-linux-x86_64-fedora-gcc | 1.0 | 40.11 | NOTE | |||
r-devel-windows-x86_64-new-UL | 1.0 | 15.00 | 65.00 | 80.00 | NOTE | |
r-patched-linux-x86_64 | 1.0 | 2.32 | 36.51 | 38.83 | NOTE | |
r-release-linux-x86_64 | 1.0 | 1.73 | 36.30 | 38.03 | NOTE | |
r-release-macos-arm64 | 1.0 | NOTE | ||||
r-release-macos-x86_64 | 1.0 | NOTE | ||||
r-release-windows-ix86+x86_64 | 1.0 | 7.00 | 46.00 | 53.00 | NOTE | |
r-oldrel-macos-x86_64 | 1.0 | NOTE | ||||
r-oldrel-windows-ix86+x86_64 | 1.0 | 7.00 | 44.00 | 51.00 | NOTE |
Version: 1.0
Check: dependencies in R code
Result: NOTE
Package in Depends field not imported from: 'testthat'
These packages need to be imported from (in the NAMESPACE file)
for when this namespace is loaded but not attached.
Flavors: r-devel-linux-x86_64-debian-clang, r-devel-linux-x86_64-debian-gcc, r-devel-linux-x86_64-fedora-clang, r-devel-linux-x86_64-fedora-gcc, r-devel-windows-x86_64-new-UL, r-patched-linux-x86_64, r-release-linux-x86_64, r-release-macos-arm64, r-release-macos-x86_64, r-release-windows-ix86+x86_64, r-oldrel-macos-x86_64, r-oldrel-windows-ix86+x86_64