CRAN Package Check Results for Package huito

Last updated on 2022-04-08 01:48:48 CEST.

Flavor Version Tinstall Tcheck Ttotal Status Flags
r-devel-linux-x86_64-debian-clang 0.1.3 7.84 134.48 142.32 OK
r-devel-linux-x86_64-debian-gcc 0.1.3 5.88 95.21 101.09 OK
r-devel-linux-x86_64-fedora-clang 0.1.3 171.21 OK
r-devel-linux-x86_64-fedora-gcc 0.1.3 155.13 OK
r-devel-windows-x86_64-new-UL 0.1.3 23.00 162.00 185.00 OK
r-patched-linux-x86_64 0.1.3 7.01 123.85 130.86 OK
r-release-linux-x86_64 0.1.3 8.25 136.37 144.62 OK
r-release-macos-arm64 0.1.2 OK
r-release-macos-x86_64 0.1.3 WARN
r-release-windows-ix86+x86_64 0.1.2 18.00 238.00 256.00 OK
r-oldrel-macos-x86_64 0.1.3 WARN
r-oldrel-windows-ix86+x86_64 0.1.3 19.00 176.00 195.00 OK

Check Details

Version: 0.1.3
Check: re-building of vignette outputs
Result: WARN
    Error(s) in re-building vignettes:
    --- re-building ‘germinar.Rmd’ using rmarkdown
    Pandoc is required to build R Markdown vignettes but not available. Please make sure it is installed.
    Loading required package: magick
    Linking to ImageMagick 6.9.12.3
    Enabled features: cairo, fontconfig, freetype, heic, lcms, pango, raw, rsvg, webp
    Disabled features: fftw, ghostscript, x11
    Loading required package: cowplot
    --- finished re-building ‘germinar.Rmd’
    
    --- re-building ‘huito.Rmd’ using rmarkdown
    Pandoc is required to build R Markdown vignettes but not available. Please make sure it is installed.
    Quitting from lines 29-31 (huito.Rmd)
    Error: processing vignette 'huito.Rmd' failed with diagnostics:
    object 'params' not found
    --- failed re-building ‘huito.Rmd’
    
    --- re-building ‘labels.Rmd’ using rmarkdown
    Pandoc is required to build R Markdown vignettes but not available. Please make sure it is installed.
    Warning: `x` must be a one- or two-column data frame in `deframe()`.
    Quitting from lines 22-36 (labels.Rmd)
    Error: processing vignette 'labels.Rmd' failed with diagnostics:
    subscript out of bounds
    --- failed re-building ‘labels.Rmd’
    
    --- re-building ‘stickers.Rmd’ using rmarkdown
    Pandoc is required to build R Markdown vignettes but not available. Please make sure it is installed.
    Loading required package: magick
    Linking to ImageMagick 6.9.12.3
    Enabled features: cairo, fontconfig, freetype, heic, lcms, pango, raw, rsvg, webp
    Disabled features: fftw, ghostscript, x11
    Loading required package: cowplot
    --- finished re-building ‘stickers.Rmd’
    
    SUMMARY: processing the following files failed:
     ‘huito.Rmd’ ‘labels.Rmd’
    
    Error: Vignette re-building failed.
    Execution halted
Flavors: r-release-macos-x86_64, r-oldrel-macos-x86_64