CRAN Package Check Results for Package hsstan

Last updated on 2022-04-08 01:48:48 CEST.

Flavor Version Tinstall Tcheck Ttotal Status Flags
r-devel-linux-x86_64-debian-clang 0.8.1 441.61 152.70 594.31 OK
r-devel-linux-x86_64-debian-gcc 0.8.1 405.96 133.13 539.09 OK
r-devel-linux-x86_64-fedora-clang 0.8.1 840.68 NOTE
r-devel-linux-x86_64-fedora-gcc 0.8.1 945.14 NOTE
r-devel-windows-x86_64-new-UL 0.8.1 296.00 275.00 571.00 OK
r-patched-linux-x86_64 0.8.1 343.66 168.48 512.14 OK
r-release-linux-x86_64 0.8.1 330.34 162.11 492.45 OK
r-release-macos-arm64 0.8.1 NOTE
r-release-macos-x86_64 0.8.1 NOTE
r-release-windows-ix86+x86_64 0.8.1 983.00 408.00 1391.00 NOTE
r-oldrel-macos-x86_64 0.8.1 NOTE
r-oldrel-windows-ix86+x86_64 0.8.1 984.00 430.00 1414.00 NOTE

Check Details

Version: 0.8.1
Check: installed package size
Result: NOTE
     installed size is 49.0Mb
     sub-directories of 1Mb or more:
     libs 48.4Mb
Flavors: r-devel-linux-x86_64-fedora-clang, r-release-macos-arm64, r-release-macos-x86_64, r-release-windows-ix86+x86_64, r-oldrel-macos-x86_64, r-oldrel-windows-ix86+x86_64

Version: 0.8.1
Check: dependencies in R code
Result: NOTE
    Namespace in Imports field not imported from: ‘RcppParallel’
     All declared Imports should be used.
Flavors: r-devel-linux-x86_64-fedora-clang, r-devel-linux-x86_64-fedora-gcc, r-release-macos-arm64, r-release-macos-x86_64, r-oldrel-macos-x86_64

Version: 0.8.1
Check: for GNU extensions in Makefiles
Result: NOTE
    GNU make is a SystemRequirements.
Flavors: r-devel-linux-x86_64-fedora-clang, r-devel-linux-x86_64-fedora-gcc, r-release-macos-arm64, r-release-macos-x86_64, r-oldrel-macos-x86_64