CRAN Package Check Results for Package hkevp

Last updated on 2022-04-08 01:48:48 CEST.

Flavor Version Tinstall Tcheck Ttotal Status Flags
r-devel-linux-x86_64-debian-clang 1.1.4 49.67 61.98 111.65 WARN
r-devel-linux-x86_64-debian-gcc 1.1.4 44.98 44.77 89.75 OK
r-devel-linux-x86_64-fedora-clang 1.1.4 157.05 WARN
r-devel-linux-x86_64-fedora-gcc 1.1.4 138.85 NOTE
r-devel-windows-x86_64-new-UL 1.1.4 46.00 113.00 159.00 OK
r-patched-linux-x86_64 1.1.4 42.69 60.19 102.88 OK
r-release-linux-x86_64 1.1.4 49.40 58.51 107.91 OK
r-release-macos-arm64 1.1.4 NOTE
r-release-macos-x86_64 1.1.4 NOTE
r-release-windows-ix86+x86_64 1.1.4 111.00 150.00 261.00 OK
r-oldrel-macos-x86_64 1.1.4 NOTE
r-oldrel-windows-ix86+x86_64 1.1.4 113.00 149.00 262.00 OK

Additional issues

clang14

Check Details

Version: 1.1.4
Check: whether package can be installed
Result: WARN
    Found the following significant warnings:
     hkevp.cpp:446:16: warning: use of bitwise '&' with boolean operands [-Wbitwise-instead-of-logical]
     hkevp.cpp:475:16: warning: use of bitwise '&' with boolean operands [-Wbitwise-instead-of-logical]
     hkevp.cpp:506:10: warning: use of bitwise '&' with boolean operands [-Wbitwise-instead-of-logical]
     hkevp.cpp:534:10: warning: use of bitwise '&' with boolean operands [-Wbitwise-instead-of-logical]
     hkevp.cpp:573:16: warning: use of bitwise '&' with boolean operands [-Wbitwise-instead-of-logical]
     hkevp.cpp:633:14: warning: use of bitwise '&' with boolean operands [-Wbitwise-instead-of-logical]
     hkevp.cpp:652:14: warning: use of bitwise '&' with boolean operands [-Wbitwise-instead-of-logical]
     hkevp.cpp:905:16: warning: use of bitwise '&' with boolean operands [-Wbitwise-instead-of-logical]
     hkevp.cpp:934:16: warning: use of bitwise '&' with boolean operands [-Wbitwise-instead-of-logical]
     hkevp.cpp:965:10: warning: use of bitwise '&' with boolean operands [-Wbitwise-instead-of-logical]
     hkevp.cpp:993:10: warning: use of bitwise '&' with boolean operands [-Wbitwise-instead-of-logical]
     hkevp.cpp:1251:16: warning: use of bitwise '&' with boolean operands [-Wbitwise-instead-of-logical]
     hkevp.cpp:1311:14: warning: use of bitwise '&' with boolean operands [-Wbitwise-instead-of-logical]
     hkevp.cpp:1330:14: warning: use of bitwise '&' with boolean operands [-Wbitwise-instead-of-logical]
Flavors: r-devel-linux-x86_64-debian-clang, r-devel-linux-x86_64-fedora-clang

Version: 1.1.4
Check: compiled code
Result: NOTE
    File ‘hkevp/libs/hkevp.so’:
     Found no calls to: ‘R_registerRoutines’, ‘R_useDynamicSymbols’
    
    It is good practice to register native routines and to disable symbol
    search.
    
    See ‘Writing portable packages’ in the ‘Writing R Extensions’ manual.
Flavors: r-devel-linux-x86_64-fedora-clang, r-devel-linux-x86_64-fedora-gcc

Version: 1.1.4
Check: installed package size
Result: NOTE
     installed size is 6.3Mb
     sub-directories of 1Mb or more:
     libs 6.1Mb
Flavors: r-release-macos-arm64, r-release-macos-x86_64, r-oldrel-macos-x86_64