Last updated on 2022-04-08 01:48:48 CEST.
Flavor | Version | Tinstall | Tcheck | Ttotal | Status | Flags |
---|---|---|---|---|---|---|
r-devel-linux-x86_64-debian-clang | 1.0.0 | 2.48 | 38.26 | 40.74 | OK | |
r-devel-linux-x86_64-debian-gcc | 1.0.0 | 2.26 | 29.74 | 32.00 | OK | |
r-devel-linux-x86_64-fedora-clang | 1.0.0 | 49.67 | NOTE | |||
r-devel-linux-x86_64-fedora-gcc | 1.0.0 | 38.87 | NOTE | |||
r-devel-windows-x86_64-new-UL | 1.0.0 | 23.00 | 58.00 | 81.00 | OK | |
r-patched-linux-x86_64 | 1.0.0 | 3.05 | 37.06 | 40.11 | OK | |
r-release-linux-x86_64 | 1.0.0 | 2.53 | 34.85 | 37.38 | OK | |
r-release-macos-arm64 | 1.0.0 | NOTE | ||||
r-release-macos-x86_64 | 1.0.0 | NOTE | ||||
r-release-windows-ix86+x86_64 | 1.0.0 | 8.00 | 49.00 | 57.00 | OK | |
r-oldrel-macos-x86_64 | 1.0.0 | NOTE | ||||
r-oldrel-windows-ix86+x86_64 | 1.0.0 | 7.00 | 47.00 | 54.00 | OK |
Version: 1.0.0
Check: data for non-ASCII characters
Result: NOTE
Note: found 9638 marked UTF-8 strings
Flavors: r-devel-linux-x86_64-fedora-clang, r-devel-linux-x86_64-fedora-gcc, r-release-macos-arm64, r-release-macos-x86_64, r-oldrel-macos-x86_64