CRAN Package Check Results for Package hglasso

Last updated on 2022-04-08 01:48:48 CEST.

Flavor Version Tinstall Tcheck Ttotal Status Flags
r-devel-linux-x86_64-debian-clang 1.2 9.02 110.07 119.09 NOTE
r-devel-linux-x86_64-debian-gcc 1.2 7.71 80.75 88.46 NOTE
r-devel-linux-x86_64-fedora-clang 1.2 139.31 NOTE
r-devel-linux-x86_64-fedora-gcc 1.2 130.78 NOTE
r-devel-windows-x86_64-new-UL 1.2 20.00 118.00 138.00 NOTE
r-patched-linux-x86_64 1.2 12.24 101.72 113.96 NOTE
r-release-linux-x86_64 1.2 9.33 95.21 104.54 NOTE
r-release-macos-arm64 1.2 NOTE
r-release-macos-x86_64 1.2 NOTE
r-release-windows-ix86+x86_64 1.2 21.00 112.00 133.00 NOTE
r-oldrel-macos-x86_64 1.2 NOTE
r-oldrel-windows-ix86+x86_64 1.2 21.00 113.00 134.00 NOTE

Check Details

Version: 1.2
Check: R code for possible problems
Result: NOTE
    HubNetwork: no visible global function definition for 'rbinom'
    HubNetwork: no visible global function definition for 'runif'
    HubNetwork: no visible global function definition for 'cov2cor'
    binaryMCMC: no visible global function definition for 'rbinom'
    image.hbn: no visible global function definition for 'col2rgb'
    image.hbn: no visible global function definition for 'rgb'
    image.hbn: no visible global function definition for 'dev.new'
    image.hbn: no visible global function definition for 'par'
    image.hbn: no visible global function definition for 'image'
    image.hcov: no visible global function definition for 'col2rgb'
    image.hcov: no visible global function definition for 'rgb'
    image.hcov: no visible global function definition for 'dev.new'
    image.hcov: no visible global function definition for 'par'
    image.hcov: no visible global function definition for 'image'
    image.hglasso: no visible global function definition for 'col2rgb'
    image.hglasso: no visible global function definition for 'rgb'
    image.hglasso: no visible global function definition for 'dev.new'
    image.hglasso: no visible global function definition for 'par'
    image.hglasso: no visible global function definition for 'image'
    plot.hbn: no visible global function definition for 'rgb'
    plot.hcov: no visible global function definition for 'rgb'
    plot.hglasso: no visible global function definition for 'rgb'
    Undefined global functions or variables:
     col2rgb cov2cor dev.new image par rbinom rgb runif
    Consider adding
     importFrom("grDevices", "col2rgb", "dev.new", "rgb")
     importFrom("graphics", "image", "par")
     importFrom("stats", "cov2cor", "rbinom", "runif")
    to your NAMESPACE file.
Flavors: r-devel-linux-x86_64-debian-clang, r-devel-linux-x86_64-debian-gcc, r-devel-linux-x86_64-fedora-clang, r-devel-linux-x86_64-fedora-gcc, r-devel-windows-x86_64-new-UL, r-patched-linux-x86_64, r-release-linux-x86_64, r-release-macos-arm64, r-release-macos-x86_64, r-release-windows-ix86+x86_64, r-oldrel-macos-x86_64, r-oldrel-windows-ix86+x86_64