Last updated on 2022-04-08 01:48:48 CEST.
Flavor | Version | Tinstall | Tcheck | Ttotal | Status | Flags |
---|---|---|---|---|---|---|
r-devel-linux-x86_64-debian-clang | 1.1.1 | 40.52 | 197.04 | 237.56 | NOTE | |
r-devel-linux-x86_64-debian-gcc | 1.1.1 | 31.09 | 141.86 | 172.95 | NOTE | |
r-devel-linux-x86_64-fedora-clang | 1.1.1 | 284.57 | NOTE | |||
r-devel-linux-x86_64-fedora-gcc | 1.1.1 | 285.06 | NOTE | |||
r-devel-windows-x86_64-new-UL | 1.1.1 | 151.00 | 204.00 | 355.00 | NOTE | |
r-patched-linux-x86_64 | 1.1.1 | 31.99 | 182.51 | 214.50 | NOTE | |
r-release-linux-x86_64 | 1.1.1 | 25.73 | 177.44 | 203.17 | NOTE | |
r-release-macos-arm64 | 1.1.1 | NOTE | ||||
r-release-macos-x86_64 | 1.1.1 | NOTE | ||||
r-release-windows-ix86+x86_64 | 1.1.1 | 69.00 | 232.00 | 301.00 | NOTE | |
r-oldrel-macos-x86_64 | 1.1.1 | NOTE | ||||
r-oldrel-windows-ix86+x86_64 | 1.1.1 | 70.00 | 237.00 | 307.00 | NOTE |
Version: 1.1.1
Check: for GNU extensions in Makefiles
Result: NOTE
GNU make is a SystemRequirements.
Flavors: r-devel-linux-x86_64-debian-clang, r-devel-linux-x86_64-debian-gcc, r-devel-linux-x86_64-fedora-clang, r-devel-linux-x86_64-fedora-gcc, r-devel-windows-x86_64-new-UL, r-patched-linux-x86_64, r-release-linux-x86_64, r-release-macos-arm64, r-release-macos-x86_64, r-release-windows-ix86+x86_64, r-oldrel-macos-x86_64, r-oldrel-windows-ix86+x86_64
Version: 1.1.1
Check: installed package size
Result: NOTE
installed size is 5.3Mb
sub-directories of 1Mb or more:
R 3.1Mb
extdata 1.2Mb
Flavor: r-release-macos-arm64