CRAN Package Check Results for Package gwer

Last updated on 2022-04-08 01:48:48 CEST.

Flavor Version Tinstall Tcheck Ttotal Status Flags
r-devel-linux-x86_64-debian-clang 3.0 42.51 398.68 441.19 OK
r-devel-linux-x86_64-debian-gcc 3.0 35.57 291.20 326.77 OK
r-devel-linux-x86_64-fedora-clang 3.0 525.18 NOTE
r-devel-linux-x86_64-fedora-gcc 3.0 499.35 NOTE
r-devel-windows-x86_64-new-UL 3.0 51.00 390.00 441.00 OK
r-patched-linux-x86_64 3.0 46.96 381.08 428.04 OK
r-release-linux-x86_64 3.0 37.80 347.44 385.24 OK
r-release-macos-arm64 3.0 NOTE
r-release-macos-x86_64 3.0 NOTE
r-release-windows-ix86+x86_64 3.0 101.00 408.00 509.00 OK
r-oldrel-macos-x86_64 3.0 NOTE
r-oldrel-windows-ix86+x86_64 3.0 106.00 419.00 525.00 OK

Check Details

Version: 3.0
Check: dependencies in R code
Result: NOTE
    Namespace in Imports field not imported from: ‘Matrix’
     All declared Imports should be used.
Flavors: r-devel-linux-x86_64-fedora-clang, r-devel-linux-x86_64-fedora-gcc, r-release-macos-arm64, r-release-macos-x86_64, r-oldrel-macos-x86_64