CRAN Package Check Results for Package grpsel

Last updated on 2022-04-08 01:48:48 CEST.

Flavor Version Tinstall Tcheck Ttotal Status Flags
r-devel-linux-x86_64-debian-clang 1.2.0 144.28 57.77 202.05 OK
r-devel-linux-x86_64-debian-gcc 1.2.0 111.45 43.83 155.28 OK
r-devel-linux-x86_64-fedora-clang 1.2.0 298.63 OK
r-devel-linux-x86_64-fedora-gcc 1.2.0 265.73 OK
r-devel-windows-x86_64-new-UL 1.2.0 110.00 109.00 219.00 OK
r-patched-linux-x86_64 1.2.0 125.29 54.67 179.96 OK
r-release-linux-x86_64 1.2.0 123.71 51.46 175.17 OK
r-release-macos-arm64 1.2.0 NOTE
r-release-macos-x86_64 1.2.0 OK
r-release-windows-ix86+x86_64 1.2.0 338.00 106.00 444.00 OK
r-oldrel-macos-x86_64 1.0.0 OK
r-oldrel-windows-ix86+x86_64 1.0.0 335.00 75.00 410.00 OK

Check Details

Version: 1.2.0
Check: installed package size
Result: NOTE
     installed size is 5.5Mb
     sub-directories of 1Mb or more:
     libs 5.3Mb
Flavor: r-release-macos-arm64