Last updated on 2022-04-08 01:48:47 CEST.
Flavor | Version | Tinstall | Tcheck | Ttotal | Status | Flags |
---|---|---|---|---|---|---|
r-devel-linux-x86_64-debian-clang | 1.0.5 | 54.93 | 143.76 | 198.69 | OK | |
r-devel-linux-x86_64-debian-gcc | 1.0.5 | 43.13 | 107.50 | 150.63 | OK | |
r-devel-linux-x86_64-fedora-clang | 1.0.5 | 260.88 | OK | |||
r-devel-linux-x86_64-fedora-gcc | 1.0.5 | 265.02 | OK | |||
r-devel-windows-x86_64-new-UL | 1.0.5 | 80.00 | 180.00 | 260.00 | NOTE | |
r-patched-linux-x86_64 | 1.0.5 | 53.60 | 137.79 | 191.39 | OK | |
r-release-linux-x86_64 | 1.0.5 | 42.80 | 140.22 | 183.02 | OK | |
r-release-macos-arm64 | 1.0.5 | NOTE | ||||
r-release-macos-x86_64 | 1.0.5 | OK | ||||
r-release-windows-ix86+x86_64 | 1.0.5 | 102.00 | 194.00 | 296.00 | NOTE | |
r-oldrel-macos-x86_64 | 1.0.5 | OK | ||||
r-oldrel-windows-ix86+x86_64 | 1.0.5 | 104.00 | 198.00 | 302.00 | NOTE |
Version: 1.0.5
Check: package dependencies
Result: NOTE
Package suggested but not available for checking: 'doMC'
Flavors: r-devel-windows-x86_64-new-UL, r-release-windows-ix86+x86_64, r-oldrel-windows-ix86+x86_64
Version: 1.0.5
Check: installed package size
Result: NOTE
installed size is 5.0Mb
sub-directories of 1Mb or more:
R 1.1Mb
doc 2.6Mb
Flavors: r-devel-windows-x86_64-new-UL, r-release-macos-arm64, r-release-windows-ix86+x86_64, r-oldrel-windows-ix86+x86_64