CRAN Package Check Results for Package graphicalExtremes

Last updated on 2022-04-08 01:48:47 CEST.

Flavor Version Tinstall Tcheck Ttotal Status Flags
r-devel-linux-x86_64-debian-clang 0.1.0 5.05 213.33 218.38 NOTE
r-devel-linux-x86_64-debian-gcc 0.1.0 3.55 144.35 147.90 NOTE
r-devel-linux-x86_64-fedora-clang 0.1.0 246.48 NOTE
r-devel-linux-x86_64-fedora-gcc 0.1.0 260.55 NOTE
r-devel-windows-x86_64-new-UL 0.1.0 71.00 215.00 286.00 NOTE
r-patched-linux-x86_64 0.1.0 5.11 201.48 206.59 NOTE
r-release-linux-x86_64 0.1.0 4.58 196.48 201.06 NOTE
r-release-macos-arm64 0.1.0 NOTE
r-release-macos-x86_64 0.1.0 NOTE
r-release-windows-ix86+x86_64 0.1.0 8.00 228.00 236.00 NOTE
r-oldrel-macos-x86_64 0.1.0 OK
r-oldrel-windows-ix86+x86_64 0.1.0 8.00 239.00 247.00 OK

Check Details

Version: 0.1.0
Check: LazyData
Result: NOTE
     'LazyData' is specified without a 'data' directory
Flavors: r-devel-linux-x86_64-debian-clang, r-devel-linux-x86_64-debian-gcc, r-devel-linux-x86_64-fedora-clang, r-devel-linux-x86_64-fedora-gcc, r-devel-windows-x86_64-new-UL, r-patched-linux-x86_64, r-release-linux-x86_64, r-release-macos-arm64, r-release-macos-x86_64, r-release-windows-ix86+x86_64