Last updated on 2022-04-08 01:48:47 CEST.
Flavor | Version | Tinstall | Tcheck | Ttotal | Status | Flags |
---|---|---|---|---|---|---|
r-devel-linux-x86_64-debian-clang | 1.1.0 | 3.52 | 37.68 | 41.20 | OK | |
r-devel-linux-x86_64-debian-gcc | 1.1.0 | 2.83 | 29.31 | 32.14 | OK | |
r-devel-linux-x86_64-fedora-clang | 1.1.0 | 49.14 | NOTE | |||
r-devel-linux-x86_64-fedora-gcc | 1.1.0 | 38.05 | NOTE | |||
r-devel-windows-x86_64-new-UL | 1.1.0 | 33.00 | 54.00 | 87.00 | OK | |
r-patched-linux-x86_64 | 1.1.0 | 3.08 | 35.88 | 38.96 | OK | |
r-release-linux-x86_64 | 1.1.0 | 3.18 | 34.85 | 38.03 | OK | |
r-release-macos-arm64 | 1.1.0 | NOTE | ||||
r-release-macos-x86_64 | 1.1.0 | NOTE | ||||
r-release-windows-ix86+x86_64 | 1.1.0 | 11.00 | 44.00 | 55.00 | OK | |
r-oldrel-macos-x86_64 | 1.1.0 | NOTE | ||||
r-oldrel-windows-ix86+x86_64 | 1.1.0 | 10.00 | 44.00 | 54.00 | OK |
Version: 1.1.0
Check: package dependencies
Result: NOTE
Imports includes 21 non-default packages.
Importing from so many packages makes the package vulnerable to any of
them becoming unavailable. Move as many as possible to Suggests and
use conditionally.
Flavor: r-devel-linux-x86_64-fedora-clang
Version: 1.1.0
Check: dependencies in R code
Result: NOTE
Namespaces in Imports field not imported from:
‘Hmisc’ ‘PairedData’ ‘RColorBrewer’ ‘agricolae’ ‘corrplot’ ‘desplot’
‘dplyr’ ‘ggplot2’ ‘ggpubr’ ‘gridGraphics’ ‘gtools’ ‘kableExtra’
‘knitr’ ‘magrittr’ ‘pastecs’ ‘reshape2’ ‘rmarkdown’ ‘shinyWidgets’
‘summarytools’
All declared Imports should be used.
Flavors: r-devel-linux-x86_64-fedora-clang, r-devel-linux-x86_64-fedora-gcc, r-release-macos-arm64, r-release-macos-x86_64, r-oldrel-macos-x86_64