CRAN Package Check Results for Package glmmPen

Last updated on 2022-04-08 01:48:47 CEST.

Flavor Version Tinstall Tcheck Ttotal Status Flags
r-devel-linux-x86_64-debian-clang 1.5.1.8 466.68 199.94 666.62 WARN
r-devel-linux-x86_64-debian-gcc 1.5.1.8 418.03 156.97 575.00 OK
r-devel-linux-x86_64-fedora-clang 1.5.1.8 928.40 WARN
r-devel-linux-x86_64-fedora-gcc 1.5.1.8 949.67 NOTE
r-devel-windows-x86_64-new-UL 1.5.1.8 331.00 242.00 573.00 OK
r-patched-linux-x86_64 1.5.1.8 428.89 201.45 630.34 OK
r-release-linux-x86_64 1.5.1.8 424.36 190.86 615.22 OK
r-release-macos-arm64 1.5.1.8 NOTE
r-release-macos-x86_64 1.5.1.8 NOTE
r-release-windows-ix86+x86_64 1.5.1.8 20.00 8.00 28.00 ERROR
r-oldrel-macos-x86_64 1.5.1.8 NOTE
r-oldrel-windows-ix86+x86_64 1.5.1.8 1034.00 294.00 1328.00 NOTE

Additional issues

clang14

Check Details

Version: 1.5.1.8
Check: whether package can be installed
Result: WARN
    Found the following significant warnings:
     coord_descent.cpp:108:10: warning: use of bitwise '|' with boolean operands [-Wbitwise-instead-of-logical]
     pglm_fit.cpp:53:8: warning: use of bitwise '|' with boolean operands [-Wbitwise-instead-of-logical]
Flavors: r-devel-linux-x86_64-debian-clang, r-devel-linux-x86_64-fedora-clang

Version: 1.5.1.8
Check: installed package size
Result: NOTE
     installed size is 41.8Mb
     sub-directories of 1Mb or more:
     libs 40.8Mb
Flavors: r-devel-linux-x86_64-fedora-clang, r-release-macos-arm64, r-release-macos-x86_64, r-oldrel-macos-x86_64, r-oldrel-windows-ix86+x86_64

Version: 1.5.1.8
Check: dependencies in R code
Result: NOTE
    Namespace in Imports field not imported from: ‘rstantools’
     All declared Imports should be used.
Flavors: r-devel-linux-x86_64-fedora-clang, r-devel-linux-x86_64-fedora-gcc, r-release-macos-arm64, r-release-macos-x86_64, r-oldrel-macos-x86_64

Version: 1.5.1.8
Check: whether package can be installed
Result: ERROR
    Installation failed.
Flavor: r-release-windows-ix86+x86_64