Last updated on 2022-04-08 01:48:47 CEST.
Flavor | Version | Tinstall | Tcheck | Ttotal | Status | Flags |
---|---|---|---|---|---|---|
r-devel-linux-x86_64-debian-clang | 1.1.1 | 6.79 | 44.67 | 51.46 | OK | |
r-devel-linux-x86_64-debian-gcc | 1.1.1 | 5.94 | 34.72 | 40.66 | OK | |
r-devel-linux-x86_64-fedora-clang | 1.1.1 | 66.72 | NOTE | |||
r-devel-linux-x86_64-fedora-gcc | 1.1.1 | 54.78 | OK | |||
r-devel-windows-x86_64-new-UL | 1.1.1 | 24.00 | 84.00 | 108.00 | OK | |
r-patched-linux-x86_64 | 1.1.1 | 6.14 | 44.87 | 51.01 | OK | |
r-release-linux-x86_64 | 1.1.1 | 6.13 | 42.11 | 48.24 | OK | |
r-release-macos-arm64 | 1.1.1 | OK | ||||
r-release-macos-x86_64 | 1.1.1 | OK | ||||
r-release-windows-ix86+x86_64 | 1.1.1 | 20.00 | 78.00 | 98.00 | OK | |
r-oldrel-macos-x86_64 | 1.1.1 | OK | ||||
r-oldrel-windows-ix86+x86_64 | 1.1.1 | 19.00 | 73.00 | 92.00 | OK |
Version: 1.1.1
Check: Rd cross-references
Result: NOTE
Undeclared package ‘lme4’ in Rd xrefs
Flavor: r-devel-linux-x86_64-fedora-clang