CRAN Package Check Results for Package gjam

Last updated on 2022-04-08 01:48:47 CEST.

Flavor Version Tinstall Tcheck Ttotal Status Flags
r-devel-linux-x86_64-debian-clang 2.5.2 53.13 127.18 180.31 OK
r-devel-linux-x86_64-debian-gcc 2.5.2 48.72 93.53 142.25 OK
r-devel-linux-x86_64-fedora-clang 2.5.2 247.24 OK
r-devel-linux-x86_64-fedora-gcc 2.5.2 222.02 OK
r-devel-windows-x86_64-new-UL 2.5.2 73.00 155.00 228.00 OK
r-patched-linux-x86_64 2.5.2 53.49 123.19 176.68 OK
r-release-linux-x86_64 2.5.2 47.86 116.90 164.76 OK
r-release-macos-arm64 2.5.2 NOTE
r-release-macos-x86_64 2.5.2 OK
r-release-windows-ix86+x86_64 2.5.2 125.00 152.00 277.00 OK
r-oldrel-macos-x86_64 2.5.2 OK
r-oldrel-windows-ix86+x86_64 2.5.2 127.00 146.00 273.00 OK

Check Details

Version: 2.5.2
Check: installed package size
Result: NOTE
     installed size is 5.2Mb
     sub-directories of 1Mb or more:
     libs 3.8Mb
Flavor: r-release-macos-arm64