CRAN Package Check Results for Package giftwrap

Last updated on 2022-04-08 01:48:47 CEST.

Flavor Version Tinstall Tcheck Ttotal Status Flags
r-devel-linux-x86_64-debian-clang 0.0.4 4.83 56.34 61.17 NOTE
r-devel-linux-x86_64-debian-gcc 0.0.4 3.92 42.42 46.34 NOTE
r-devel-linux-x86_64-fedora-clang 0.0.4 74.06 NOTE
r-devel-linux-x86_64-fedora-gcc 0.0.4 61.27 NOTE
r-devel-windows-x86_64-new-UL 0.0.4 19.00 71.00 90.00 NOTE
r-patched-linux-x86_64 0.0.4 5.16 53.08 58.24 NOTE
r-release-linux-x86_64 0.0.4 3.53 50.42 53.95 NOTE
r-release-macos-arm64 0.0.4 NOTE
r-release-macos-x86_64 0.0.4 NOTE
r-release-windows-ix86+x86_64 0.0.4 11.00 63.00 74.00 NOTE
r-oldrel-macos-x86_64 0.0.4 NOTE
r-oldrel-windows-ix86+x86_64 0.0.4 11.00 66.00 77.00 OK

Check Details

Version: 0.0.4
Check: LazyData
Result: NOTE
     'LazyData' is specified without a 'data' directory
Flavors: r-devel-linux-x86_64-debian-clang, r-devel-linux-x86_64-debian-gcc, r-devel-linux-x86_64-fedora-clang, r-devel-linux-x86_64-fedora-gcc, r-devel-windows-x86_64-new-UL, r-patched-linux-x86_64, r-release-linux-x86_64, r-release-macos-arm64, r-release-macos-x86_64, r-release-windows-ix86+x86_64

Version: 0.0.4
Check: dependencies in R code
Result: NOTE
    Namespace in Imports field not imported from: ‘tibble’
     All declared Imports should be used.
Flavors: r-devel-linux-x86_64-fedora-clang, r-devel-linux-x86_64-fedora-gcc, r-release-macos-arm64, r-release-macos-x86_64, r-oldrel-macos-x86_64