Last updated on 2022-04-08 01:48:47 CEST.
Flavor | Version | Tinstall | Tcheck | Ttotal | Status | Flags |
---|---|---|---|---|---|---|
r-devel-linux-x86_64-debian-clang | 3.3.5 | 18.83 | 164.16 | 182.99 | OK | |
r-devel-linux-x86_64-debian-gcc | 3.3.5 | 16.80 | 117.32 | 134.12 | OK | |
r-devel-linux-x86_64-fedora-clang | 3.3.5 | 211.00 | NOTE | |||
r-devel-linux-x86_64-fedora-gcc | 3.3.5 | 195.49 | NOTE | |||
r-devel-windows-x86_64-new-UL | 3.3.5 | 87.00 | 178.00 | 265.00 | OK | |
r-patched-linux-x86_64 | 3.3.5 | 24.78 | 151.95 | 176.73 | OK | |
r-release-linux-x86_64 | 3.3.5 | 20.56 | 141.75 | 162.31 | OK | |
r-release-macos-arm64 | 3.3.5 | NOTE | ||||
r-release-macos-x86_64 | 3.3.5 | NOTE | ||||
r-release-windows-ix86+x86_64 | 3.3.5 | 34.00 | 176.00 | 210.00 | OK | |
r-oldrel-macos-x86_64 | 3.3.5 | NOTE | ||||
r-oldrel-windows-ix86+x86_64 | 3.3.5 | 35.00 | 171.00 | 206.00 | OK |
Version: 3.3.5
Check: dependencies in R code
Result: NOTE
Namespace in Imports field not imported from: ‘hexbin’
All declared Imports should be used.
Flavors: r-devel-linux-x86_64-fedora-clang, r-devel-linux-x86_64-fedora-gcc, r-release-macos-arm64, r-release-macos-x86_64, r-oldrel-macos-x86_64
Version: 3.3.5
Check: Rd cross-references
Result: NOTE
Undeclared packages ‘chemometrics’, ‘rlang’ in Rd xrefs
Flavor: r-devel-linux-x86_64-fedora-clang