CRAN Package Check Results for Package ggridges

Last updated on 2022-04-08 01:48:47 CEST.

Flavor Version Tinstall Tcheck Ttotal Status Flags
r-devel-linux-x86_64-debian-clang 0.5.3 9.32 131.13 140.45 OK
r-devel-linux-x86_64-debian-gcc 0.5.3 7.98 96.37 104.35 OK
r-devel-linux-x86_64-fedora-clang 0.5.3 162.96 NOTE
r-devel-linux-x86_64-fedora-gcc 0.5.3 149.64 NOTE
r-devel-windows-x86_64-new-UL 0.5.3 83.00 163.00 246.00 OK
r-patched-linux-x86_64 0.5.3 14.30 121.55 135.85 OK
r-release-linux-x86_64 0.5.3 10.42 117.22 127.64 OK
r-release-macos-arm64 0.5.3 NOTE
r-release-macos-x86_64 0.5.3 NOTE
r-release-windows-ix86+x86_64 0.5.3 21.00 135.00 156.00 OK
r-oldrel-macos-x86_64 0.5.3 NOTE
r-oldrel-windows-ix86+x86_64 0.5.3 21.00 139.00 160.00 OK

Check Details

Version: 0.5.3
Check: data for non-ASCII characters
Result: NOTE
     Note: found 6242 marked UTF-8 strings
Flavors: r-devel-linux-x86_64-fedora-clang, r-devel-linux-x86_64-fedora-gcc, r-release-macos-arm64, r-release-macos-x86_64, r-oldrel-macos-x86_64