Last updated on 2022-04-08 01:48:47 CEST.
Flavor | Version | Tinstall | Tcheck | Ttotal | Status | Flags |
---|---|---|---|---|---|---|
r-devel-linux-x86_64-debian-clang | 1.0.0 | 14.61 | 271.71 | 286.32 | NOTE | |
r-devel-linux-x86_64-debian-gcc | 1.0.0 | 9.82 | 187.91 | 197.73 | NOTE | |
r-devel-linux-x86_64-fedora-clang | 1.0.0 | 316.12 | NOTE | |||
r-devel-linux-x86_64-fedora-gcc | 1.0.0 | 297.64 | NOTE | |||
r-devel-windows-x86_64-new-UL | 1.0.0 | 23.00 | 268.00 | 291.00 | NOTE | |
r-patched-linux-x86_64 | 1.0.0 | 14.28 | 251.12 | 265.40 | NOTE | |
r-release-linux-x86_64 | 1.0.0 | 10.83 | 231.79 | 242.62 | NOTE | |
r-release-macos-arm64 | 1.0.0 | NOTE | ||||
r-release-macos-x86_64 | 1.0.0 | NOTE | ||||
r-release-windows-ix86+x86_64 | 1.0.0 | 28.00 | 265.00 | 293.00 | NOTE | |
r-oldrel-macos-x86_64 | 1.0.0 | NOTE | ||||
r-oldrel-windows-ix86+x86_64 | 1.0.0 | 28.00 | 270.00 | 298.00 | OK |
Version: 1.0.0
Check: LazyData
Result: NOTE
'LazyData' is specified without a 'data' directory
Flavors: r-devel-linux-x86_64-debian-clang, r-devel-linux-x86_64-debian-gcc, r-devel-linux-x86_64-fedora-clang, r-devel-linux-x86_64-fedora-gcc, r-devel-windows-x86_64-new-UL, r-patched-linux-x86_64, r-release-linux-x86_64, r-release-macos-arm64, r-release-macos-x86_64, r-release-windows-ix86+x86_64
Version: 1.0.0
Check: dependencies in R code
Result: NOTE
Namespace in Imports field not imported from: ‘survival’
All declared Imports should be used.
Flavors: r-devel-linux-x86_64-fedora-clang, r-devel-linux-x86_64-fedora-gcc, r-release-macos-arm64, r-release-macos-x86_64, r-oldrel-macos-x86_64