Last updated on 2022-04-08 01:48:47 CEST.
Flavor | Version | Tinstall | Tcheck | Ttotal | Status | Flags |
---|---|---|---|---|---|---|
r-devel-linux-x86_64-debian-clang | 0.1.0 | 6.66 | 93.53 | 100.19 | OK | |
r-devel-linux-x86_64-debian-gcc | 0.1.0 | 5.70 | 69.93 | 75.63 | OK | |
r-devel-linux-x86_64-fedora-clang | 0.1.0 | 119.43 | NOTE | |||
r-devel-linux-x86_64-fedora-gcc | 0.1.0 | 106.32 | OK | |||
r-devel-windows-x86_64-new-UL | 0.1.0 | 24.00 | 114.00 | 138.00 | OK | |
r-patched-linux-x86_64 | 0.1.0 | 6.42 | 89.53 | 95.95 | OK | |
r-release-linux-x86_64 | 0.1.0 | 6.22 | 83.07 | 89.29 | OK | |
r-release-macos-arm64 | 0.1.0 | OK | ||||
r-release-macos-x86_64 | 0.1.0 | OK | ||||
r-release-windows-ix86+x86_64 | 0.1.0 | 16.00 | 98.00 | 114.00 | OK | |
r-oldrel-macos-x86_64 | 0.1.0 | OK | ||||
r-oldrel-windows-ix86+x86_64 | 0.1.0 | 17.00 | 103.00 | 120.00 | OK |
Version: 0.1.0
Check: Rd cross-references
Result: NOTE
Undeclared package ‘rlang’ in Rd xrefs
Flavor: r-devel-linux-x86_64-fedora-clang