CRAN Package Check Results for Package ggconf

Last updated on 2022-04-08 01:48:47 CEST.

Flavor Version Tinstall Tcheck Ttotal Status Flags
r-devel-linux-x86_64-debian-clang 0.1.3 29.67 77.12 106.79 NOTE
r-devel-linux-x86_64-debian-gcc 0.1.3 23.45 56.14 79.59 NOTE
r-devel-linux-x86_64-fedora-clang 0.1.3 130.05 NOTE
r-devel-linux-x86_64-fedora-gcc 0.1.3 115.18 NOTE
r-devel-windows-x86_64-new-UL 0.1.3 79.00 96.00 175.00 NOTE
r-patched-linux-x86_64 0.1.3 26.37 73.74 100.11 NOTE
r-release-linux-x86_64 0.1.3 25.88 63.72 89.60 NOTE
r-release-macos-arm64 0.1.3 NOTE
r-release-macos-x86_64 0.1.3 NOTE
r-release-windows-ix86+x86_64 0.1.3 49.00 77.00 126.00 NOTE
r-oldrel-macos-x86_64 0.1.3 OK
r-oldrel-windows-ix86+x86_64 0.1.3 48.00 78.00 126.00 OK

Check Details

Version: 0.1.3
Check: LazyData
Result: NOTE
     'LazyData' is specified without a 'data' directory
Flavors: r-devel-linux-x86_64-debian-clang, r-devel-linux-x86_64-debian-gcc, r-devel-linux-x86_64-fedora-clang, r-devel-linux-x86_64-fedora-gcc, r-devel-windows-x86_64-new-UL, r-patched-linux-x86_64, r-release-linux-x86_64, r-release-macos-arm64, r-release-macos-x86_64, r-release-windows-ix86+x86_64