Last updated on 2022-04-08 01:48:47 CEST.
Flavor | Version | Tinstall | Tcheck | Ttotal | Status | Flags |
---|---|---|---|---|---|---|
r-devel-linux-x86_64-debian-clang | 0.1.1 | 11.73 | 138.54 | 150.27 | OK | |
r-devel-linux-x86_64-debian-gcc | 0.1.1 | 8.51 | 102.00 | 110.51 | OK | |
r-devel-linux-x86_64-fedora-clang | 0.1.1 | 179.69 | OK | |||
r-devel-linux-x86_64-fedora-gcc | 0.1.1 | 158.09 | OK | |||
r-devel-windows-x86_64-new-UL | 0.1.1 | 21.00 | 156.00 | 177.00 | OK | |
r-patched-linux-x86_64 | 0.1.1 | 10.91 | 127.95 | 138.86 | OK | |
r-release-linux-x86_64 | 0.1.1 | 9.19 | 123.77 | 132.96 | OK | |
r-release-macos-arm64 | 0.1.1 | OK | ||||
r-release-macos-x86_64 | 0.1.1 | WARN | --as-cran | |||
r-release-windows-ix86+x86_64 | 0.1.1 | 20.00 | 145.00 | 165.00 | OK | |
r-oldrel-macos-x86_64 | 0.1.1 | OK | ||||
r-oldrel-windows-ix86+x86_64 | 0.1.1 | 20.00 | 150.00 | 170.00 | OK |
Version: 0.1.1
Flags: --as-cran
Check: CRAN incoming feasibility
Result: WARN
Maintainer: ‘Tino Werner <tino.werner1@uni-oldenburg.de>’
Insufficient package version (submitted: 0.1.1, existing: 0.1.1)
Days since last update: 1
Flavor: r-release-macos-x86_64