Last updated on 2022-04-08 01:48:47 CEST.
Flavor | Version | Tinstall | Tcheck | Ttotal | Status | Flags |
---|---|---|---|---|---|---|
r-devel-linux-x86_64-debian-clang | 1.8-1 | 40.57 | 204.27 | 244.84 | OK | |
r-devel-linux-x86_64-debian-gcc | 1.8-1 | 28.16 | 138.84 | 167.00 | OK | |
r-devel-linux-x86_64-fedora-clang | 1.8-1 | 294.37 | NOTE | |||
r-devel-linux-x86_64-fedora-gcc | 1.8-1 | 272.21 | OK | |||
r-devel-windows-x86_64-new-UL | 1.8-1 | 67.00 | 167.00 | 234.00 | OK | |
r-patched-linux-x86_64 | 1.8-1 | 40.59 | 191.38 | 231.97 | OK | |
r-release-linux-x86_64 | 1.8-1 | 37.27 | 185.75 | 223.02 | OK | |
r-release-macos-arm64 | 1.8-1 | OK | ||||
r-release-macos-x86_64 | 1.8-1 | OK | ||||
r-release-windows-ix86+x86_64 | 1.8-1 | 45.00 | 205.00 | 250.00 | OK | |
r-oldrel-macos-x86_64 | 1.8-1 | OK | ||||
r-oldrel-windows-ix86+x86_64 | 1.8-1 | 42.00 | 203.00 | 245.00 | OK |
Version: 1.8-1
Check: Rd cross-references
Result: NOTE
Undeclared package ‘car’ in Rd xrefs
Flavor: r-devel-linux-x86_64-fedora-clang