CRAN Package Check Results for Package ganalytics

Last updated on 2022-04-08 01:48:46 CEST.

Flavor Version Tinstall Tcheck Ttotal Status Flags
r-devel-linux-x86_64-debian-clang 0.10.7 64.48 140.96 205.44 NOTE
r-devel-linux-x86_64-debian-gcc 0.10.7 58.19 106.58 164.77 NOTE
r-devel-linux-x86_64-fedora-clang 0.10.7 266.78 NOTE
r-devel-linux-x86_64-fedora-gcc 0.10.7 244.81 NOTE
r-devel-windows-x86_64-new-UL 0.10.7 329.00 167.00 496.00 NOTE
r-patched-linux-x86_64 0.10.7 55.02 134.97 189.99 NOTE
r-release-linux-x86_64 0.10.7 44.74 126.97 171.71 NOTE
r-release-macos-arm64 0.10.7 NOTE
r-release-macos-x86_64 0.10.7 NOTE
r-release-windows-ix86+x86_64 0.10.7 110.00 149.00 259.00 NOTE
r-oldrel-macos-x86_64 0.10.7 OK
r-oldrel-windows-ix86+x86_64 0.10.7 110.00 156.00 266.00 OK

Check Details

Version: 0.10.7
Check: LazyData
Result: NOTE
     'LazyData' is specified without a 'data' directory
Flavors: r-devel-linux-x86_64-debian-clang, r-devel-linux-x86_64-debian-gcc, r-devel-linux-x86_64-fedora-clang, r-devel-linux-x86_64-fedora-gcc, r-devel-windows-x86_64-new-UL, r-patched-linux-x86_64, r-release-linux-x86_64, r-release-macos-arm64, r-release-macos-x86_64, r-release-windows-ix86+x86_64