CRAN Package Check Results for Package gamreg

Last updated on 2022-04-08 01:48:46 CEST.

Flavor Version Tinstall Tcheck Ttotal Status Flags
r-devel-linux-x86_64-debian-clang 0.3 44.77 108.31 153.08 NOTE
r-devel-linux-x86_64-debian-gcc 0.3 37.97 82.42 120.39 NOTE
r-devel-linux-x86_64-fedora-clang 0.3 197.64 NOTE
r-devel-linux-x86_64-fedora-gcc 0.3 172.80 NOTE
r-devel-windows-x86_64-new-UL 0.3 40.00 136.00 176.00 NOTE
r-patched-linux-x86_64 0.3 44.09 104.03 148.12 NOTE
r-release-linux-x86_64 0.3 37.79 94.97 132.76 NOTE
r-release-macos-arm64 0.3 NOTE
r-release-macos-x86_64 0.3 NOTE
r-release-windows-ix86+x86_64 0.3 110.00 157.00 267.00 NOTE
r-oldrel-macos-x86_64 0.3 OK
r-oldrel-windows-ix86+x86_64 0.3 113.00 150.00 263.00 OK

Check Details

Version: 0.3
Check: LazyData
Result: NOTE
     'LazyData' is specified without a 'data' directory
Flavors: r-devel-linux-x86_64-debian-clang, r-devel-linux-x86_64-debian-gcc, r-devel-linux-x86_64-fedora-clang, r-devel-linux-x86_64-fedora-gcc, r-devel-windows-x86_64-new-UL, r-patched-linux-x86_64, r-release-linux-x86_64, r-release-macos-arm64, r-release-macos-x86_64, r-release-windows-ix86+x86_64