Last updated on 2022-04-08 01:48:46 CEST.
Flavor | Version | Tinstall | Tcheck | Ttotal | Status | Flags |
---|---|---|---|---|---|---|
r-devel-linux-x86_64-debian-clang | 0.3.0 | 3.27 | 43.46 | 46.73 | NOTE | |
r-devel-linux-x86_64-debian-gcc | 0.3.0 | 2.39 | 33.03 | 35.42 | NOTE | |
r-devel-linux-x86_64-fedora-clang | 0.3.0 | 56.82 | NOTE | |||
r-devel-linux-x86_64-fedora-gcc | 0.3.0 | 43.32 | NOTE | |||
r-devel-windows-x86_64-new-UL | 0.3.0 | 15.00 | 57.00 | 72.00 | NOTE | |
r-patched-linux-x86_64 | 0.3.0 | 2.98 | 41.05 | 44.03 | NOTE | |
r-release-linux-x86_64 | 0.3.0 | 3.04 | 39.59 | 42.63 | NOTE | |
r-release-macos-arm64 | 0.3.0 | NOTE | ||||
r-release-macos-x86_64 | 0.3.0 | NOTE | ||||
r-release-windows-ix86+x86_64 | 0.3.0 | 11.00 | 48.00 | 59.00 | NOTE | |
r-oldrel-macos-x86_64 | 0.3.0 | OK | ||||
r-oldrel-windows-ix86+x86_64 | 0.3.0 | 6.00 | 53.00 | 59.00 | OK |
Version: 0.3.0
Check: LazyData
Result: NOTE
'LazyData' is specified without a 'data' directory
Flavors: r-devel-linux-x86_64-debian-clang, r-devel-linux-x86_64-debian-gcc, r-devel-linux-x86_64-fedora-clang, r-devel-linux-x86_64-fedora-gcc, r-devel-windows-x86_64-new-UL, r-patched-linux-x86_64, r-release-linux-x86_64, r-release-macos-arm64, r-release-macos-x86_64, r-release-windows-ix86+x86_64