Last updated on 2022-04-08 01:48:46 CEST.
Flavor | Version | Tinstall | Tcheck | Ttotal | Status | Flags |
---|---|---|---|---|---|---|
r-devel-linux-x86_64-debian-clang | 0.9.12 | 78.32 | 39.62 | 117.94 | OK | |
r-devel-linux-x86_64-debian-gcc | 0.9.12 | 56.68 | 30.94 | 87.62 | OK | |
r-devel-linux-x86_64-fedora-clang | 0.9.12 | 193.19 | OK | |||
r-devel-linux-x86_64-fedora-gcc | 0.9.12 | 137.21 | OK | |||
r-devel-windows-x86_64-new-UL | 0.9.12 | 132.00 | 86.00 | 218.00 | OK | |
r-patched-linux-x86_64 | 0.9.12 | 57.79 | 38.95 | 96.74 | OK | |
r-release-linux-x86_64 | 0.9.12 | 63.87 | 36.91 | 100.78 | OK | |
r-release-macos-arm64 | 0.9.12 | OK | ||||
r-release-macos-x86_64 | 0.9.12 | NOTE | ||||
r-release-windows-ix86+x86_64 | 0.9.12 | 282.00 | 76.00 | 358.00 | OK | |
r-oldrel-macos-x86_64 | 0.9.12 | NOTE | ||||
r-oldrel-windows-ix86+x86_64 | 0.9.12 | 281.00 | 76.00 | 357.00 | OK |
Version: 0.9.12
Check: installed package size
Result: NOTE
installed size is 7.4Mb
sub-directories of 1Mb or more:
libs 7.3Mb
Flavors: r-release-macos-x86_64, r-oldrel-macos-x86_64