Last updated on 2022-04-08 01:48:46 CEST.
Flavor | Version | Tinstall | Tcheck | Ttotal | Status | Flags |
---|---|---|---|---|---|---|
r-devel-linux-x86_64-debian-clang | 0.2.0 | 6.94 | 70.48 | 77.42 | NOTE | |
r-devel-linux-x86_64-debian-gcc | 0.2.0 | 5.25 | 55.90 | 61.15 | NOTE | |
r-devel-linux-x86_64-fedora-clang | 0.2.0 | 94.91 | NOTE | |||
r-devel-linux-x86_64-fedora-gcc | 0.2.0 | 80.69 | NOTE | |||
r-devel-windows-x86_64-new-UL | 0.2.0 | 581.00 | 131.00 | 712.00 | NOTE | |
r-patched-linux-x86_64 | 0.2.0 | 5.11 | 69.31 | 74.42 | NOTE | |
r-release-linux-x86_64 | 0.2.0 | 5.91 | 70.39 | 76.30 | NOTE | |
r-release-macos-arm64 | 0.2.0 | NOTE | ||||
r-release-macos-x86_64 | 0.2.0 | NOTE | ||||
r-release-windows-ix86+x86_64 | 0.2.0 | 15.00 | 96.00 | 111.00 | NOTE | |
r-oldrel-macos-x86_64 | 0.2.0 | OK | ||||
r-oldrel-windows-ix86+x86_64 | 0.2.0 | 15.00 | 95.00 | 110.00 | OK |
Version: 0.2.0
Check: LazyData
Result: NOTE
'LazyData' is specified without a 'data' directory
Flavors: r-devel-linux-x86_64-debian-clang, r-devel-linux-x86_64-debian-gcc, r-devel-linux-x86_64-fedora-clang, r-devel-linux-x86_64-fedora-gcc, r-devel-windows-x86_64-new-UL, r-patched-linux-x86_64, r-release-linux-x86_64, r-release-macos-arm64, r-release-macos-x86_64, r-release-windows-ix86+x86_64